{"id":37,"date":"2024-09-05T07:32:55","date_gmt":"2024-09-05T07:32:55","guid":{"rendered":"https:\/\/dulich.tamkhoa.com\/thuong-mai-02\/?page_id=37"},"modified":"2024-09-05T07:32:55","modified_gmt":"2024-09-05T07:32:55","slug":"gioi-thieu","status":"publish","type":"page","link":"https:\/\/webchodoanhnghiep.tamkhoa.com\/thuong-mai-02\/gioi-thieu\/","title":{"rendered":"Gi\u1edbi thi\u1ec7u"},"content":{"rendered":"\t\t<div data-elementor-type=\"wp-page\" data-elementor-id=\"37\" class=\"elementor elementor-37\">\n\t\t\t\t<div class=\"elementor-element elementor-element-bd09e13 e-flex e-con-boxed wpr-particle-no wpr-jarallax-no wpr-parallax-no wpr-sticky-section-no wpr-column-slider-no wpr-equal-height-no e-con e-parent\" data-id=\"bd09e13\" data-element_type=\"container\" data-e-type=\"container\">\n\t\t\t\t\t<div class=\"e-con-inner\">\n\t\t\t\t<div class=\"elementor-element elementor-element-5e9287c1 elementor-widget elementor-widget-page-title\" data-id=\"5e9287c1\" data-element_type=\"widget\" data-e-type=\"widget\" data-settings=\"{&quot;align&quot;:&quot;center&quot;}\" data-widget_type=\"page-title.default\">\n\t\t\t\t<div class=\"elementor-widget-container\">\n\t\t\t\t\t\t\t\n\t\t<div class=\"hfe-page-title hfe-page-title-wrapper elementor-widget-heading\">\n\n\t\t\t\t\t\t\t\t<h2 class=\"elementor-heading-title elementor-size-default\">\n\t\t\t\t\t\t\t\t\n\t\t\t\tGi\u1edbi thi\u1ec7u  \n\t\t\t<\/h2 > \n\t\t\t\t\t<\/div>\n\t\t\t\t\t\t<\/div>\n\t\t\t\t<\/div>\n\t\t\t\t\t<\/div>\n\t\t\t\t<\/div>\n\t\t<div class=\"elementor-element elementor-element-1758a49 e-flex e-con-boxed wpr-particle-no wpr-jarallax-no wpr-parallax-no wpr-sticky-section-no wpr-column-slider-no wpr-equal-height-no e-con e-parent\" data-id=\"1758a49\" data-element_type=\"container\" data-e-type=\"container\">\n\t\t\t\t\t<div class=\"e-con-inner\">\n\t\t\t\t<div class=\"elementor-element elementor-element-f1dcaed elementor-widget elementor-widget-text-editor\" data-id=\"f1dcaed\" data-element_type=\"widget\" data-e-type=\"widget\" data-widget_type=\"text-editor.default\">\n\t\t\t\t<div class=\"elementor-widget-container\">\n\t\t\t\t\t\t\t\t\t<h2><strong>V\u1ec1 Mixora<\/strong><\/h2><p>Ch\u00e0o m\u1eebng b\u1ea1n \u0111\u1ebfn v\u1edbi <strong>Mixora<\/strong>, th\u1ebf gi\u1edbi c\u1ee7a s\u1ef1 s\u00e1ng t\u1ea1o v\u00e0 th\u1eddi trang hi\u1ec7n \u0111\u1ea1i. T\u1ea1i Mixora, ch\u00fang t\u00f4i kh\u00f4ng ch\u1ec9 b\u00e1n qu\u1ea7n \u00e1o m\u00e0 c\u00f2n mang \u0111\u1ebfn cho b\u1ea1n nh\u1eefng c\u00e2u chuy\u1ec7n phong c\u00e1ch \u0111\u1ed9c \u0111\u00e1o, nh\u1eefng c\u1ea3m h\u1ee9ng t\u1eeb xu h\u01b0\u1edbng to\u00e0n c\u1ea7u, v\u00e0 tr\u00ean h\u1ebft l\u00e0 s\u1ef1 t\u1ef1 tin trong m\u1ed7i b\u01b0\u1edbc \u0111i c\u1ee7a b\u1ea1n.<\/p><h3><strong>C\u00e2u Chuy\u1ec7n C\u1ee7a Mixora<\/strong><\/h3><p>\u0110\u01b0\u1ee3c th\u00e0nh l\u1eadp v\u1edbi \u0111am m\u00ea v\u1ec1 th\u1eddi trang v\u00e0 mong mu\u1ed1n mang l\u1ea1i s\u1ef1 kh\u00e1c bi\u1ec7t, Mixora l\u00e0 s\u1ef1 k\u1ebft h\u1ee3p ho\u00e0n h\u1ea3o gi\u1eefa c\u00e1i \u0111\u1eb9p truy\u1ec1n th\u1ed1ng v\u00e0 s\u1ef1 t\u01b0\u01a1i m\u1edbi c\u1ee7a phong c\u00e1ch hi\u1ec7n \u0111\u1ea1i. M\u1ed7i s\u1ea3n ph\u1ea9m c\u1ee7a Mixora \u0111\u1ec1u \u0111\u01b0\u1ee3c t\u1ea1o ra v\u1edbi ti\u00eau ch\u00ed: <strong>ch\u1ea5t l\u01b0\u1ee3ng v\u01b0\u1ee3t tr\u1ed9i, thi\u1ebft k\u1ebf tinh t\u1ebf<\/strong>, v\u00e0 <strong>gi\u00e1 tr\u1ecb b\u1ec1n v\u1eefng<\/strong>.<\/p><h3><strong>T\u1ea7m Nh\u00ecn v\u00e0 S\u1ee9 M\u1ec7nh<\/strong><\/h3><p><strong>T\u1ea7m nh\u00ecn<\/strong> c\u1ee7a ch\u00fang t\u00f4i l\u00e0 tr\u1edf th\u00e0nh th\u01b0\u01a1ng hi\u1ec7u th\u1eddi trang h\u00e0ng \u0111\u1ea7u mang \u0111\u1ebfn nh\u1eefng s\u1ea3n ph\u1ea9m kh\u00f4ng ch\u1ec9 \u0111\u1eb9p m\u1eaft m\u00e0 c\u00f2n th\u00fac \u0111\u1ea9y phong c\u00e1ch s\u1ed1ng c\u00f3 tr\u00e1ch nhi\u1ec7m. Ch\u00fang t\u00f4i tin r\u1eb1ng th\u1eddi trang kh\u00f4ng ch\u1ec9 l\u00e0 m\u1ed9t c\u00e1ch \u0111\u1ec3 th\u1ec3 hi\u1ec7n b\u1ea3n th\u00e2n, m\u00e0 c\u00f2n l\u00e0 ph\u01b0\u01a1ng ti\u1ec7n \u0111\u1ec3 t\u1ea1o ra s\u1ef1 thay \u0111\u1ed5i t\u00edch c\u1ef1c trong x\u00e3 h\u1ed9i v\u00e0 m\u00f4i tr\u01b0\u1eddng.<\/p><p>S\u1ee9 m\u1ec7nh c\u1ee7a Mixora l\u00e0 mang \u0111\u1ebfn cho kh\u00e1ch h\u00e0ng tr\u1ea3i nghi\u1ec7m mua s\u1eafm th\u00fa v\u1ecb, \u0111\u00e1ng nh\u1edb, \u0111\u1ed3ng th\u1eddi cung c\u1ea5p nh\u1eefng s\u1ea3n ph\u1ea9m th\u1eddi trang ch\u1ea5t l\u01b0\u1ee3ng cao, tinh t\u1ebf v\u00e0 th\u00e2n thi\u1ec7n v\u1edbi m\u00f4i tr\u01b0\u1eddng. Ch\u00fang t\u00f4i lu\u00f4n kh\u00f4ng ng\u1eebng n\u1ed7 l\u1ef1c \u0111\u1ec3 n\u00e2ng cao s\u1ef1 \u0111a d\u1ea1ng trong thi\u1ebft k\u1ebf v\u00e0 \u0111\u1ea3m b\u1ea3o t\u00ednh b\u1ec1n v\u1eefng trong t\u1eebng s\u1ea3n ph\u1ea9m.<\/p><h3><strong>Gi\u00e1 Tr\u1ecb C\u1ed1t L\u00f5i<\/strong><\/h3><ul><li><strong>Ch\u1ea5t L\u01b0\u1ee3ng Ho\u00e0n H\u1ea3o<\/strong>: M\u1ed7i s\u1ea3n ph\u1ea9m t\u1ea1i Mixora \u0111\u1ec1u \u0111\u01b0\u1ee3c ch\u0103m ch\u00fat k\u1ef9 l\u01b0\u1ee1ng t\u1eeb ch\u1ea5t li\u1ec7u \u0111\u1ebfn t\u1eebng \u0111\u01b0\u1eddng kim m\u0169i ch\u1ec9. Ch\u00fang t\u00f4i cam k\u1ebft mang l\u1ea1i nh\u1eefng s\u1ea3n ph\u1ea9m t\u1ed1t nh\u1ea5t \u0111\u1ebfn v\u1edbi b\u1ea1n.<\/li><li><strong>S\u00e1ng T\u1ea1o Kh\u00f4ng Gi\u1edbi H\u1ea1n<\/strong>: T\u1ea1i Mixora, ch\u00fang t\u00f4i lu\u00f4n theo \u0111u\u1ed5i s\u1ef1 \u0111\u1ed5i m\u1edbi v\u00e0 s\u00e1ng t\u1ea1o \u0111\u1ec3 mang l\u1ea1i c\u00e1c thi\u1ebft k\u1ebf \u0111\u1ed9c \u0111\u00e1o, ph\u00f9 h\u1ee3p v\u1edbi nhi\u1ec1u phong c\u00e1ch kh\u00e1c nhau.<\/li><li><strong>Th\u00e2n Thi\u1ec7n V\u1edbi M\u00f4i Tr\u01b0\u1eddng<\/strong>: Ch\u00fang t\u00f4i ch\u00fa tr\u1ecdng vi\u1ec7c s\u1eed d\u1ee5ng c\u00e1c nguy\u00ean li\u1ec7u th\u00e2n thi\u1ec7n v\u1edbi m\u00f4i tr\u01b0\u1eddng v\u00e0 ph\u00e1t tri\u1ec3n nh\u1eefng s\u1ea3n ph\u1ea9m b\u1ec1n v\u1eefng, v\u00ec ch\u00fang t\u00f4i tin r\u1eb1ng th\u1eddi trang c\u00f3 th\u1ec3 c\u00f9ng chung tay b\u1ea3o v\u1ec7 tr\u00e1i \u0111\u1ea5t.<\/li><li><strong>S\u1ef1 H\u00e0i L\u00f2ng C\u1ee7a Kh\u00e1ch H\u00e0ng<\/strong>: Mixora lu\u00f4n \u0111\u1eb7t s\u1ef1 h\u00e0i l\u00f2ng c\u1ee7a kh\u00e1ch h\u00e0ng l\u00ean h\u00e0ng \u0111\u1ea7u. T\u1eeb ch\u1ea5t l\u01b0\u1ee3ng s\u1ea3n ph\u1ea9m cho \u0111\u1ebfn d\u1ecbch v\u1ee5 ch\u0103m s\u00f3c kh\u00e1ch h\u00e0ng, ch\u00fang t\u00f4i lu\u00f4n s\u1eb5n s\u00e0ng l\u1eafng nghe v\u00e0 ph\u1ee5c v\u1ee5 b\u1ea1n t\u1ed1t nh\u1ea5t.<\/li><\/ul><h3><strong>Ch\u00fang T\u00f4i Mang \u0110\u1ebfn Cho B\u1ea1n \u0110i\u1ec1u G\u00ec?<\/strong><\/h3><ul><li><strong>B\u1ed9 s\u01b0u t\u1eadp phong ph\u00fa<\/strong>: T\u1eeb trang ph\u1ee5c d\u1ea1o ph\u1ed1 n\u0103ng \u0111\u1ed9ng \u0111\u1ebfn nh\u1eefng b\u1ed9 c\u00e1nh sang tr\u1ecdng cho c\u00e1c s\u1ef1 ki\u1ec7n \u0111\u1eb7c bi\u1ec7t, Mixora mang \u0111\u1ebfn \u0111a d\u1ea1ng s\u1ef1 l\u1ef1a ch\u1ecdn \u0111\u1ec3 b\u1ea1n th\u1ec3 hi\u1ec7n phong c\u00e1ch c\u00e1 nh\u00e2n.<\/li><li><strong>Tr\u1ea3i nghi\u1ec7m mua s\u1eafm ti\u1ec7n l\u1ee3i<\/strong>: V\u1edbi giao di\u1ec7n website th\u00e2n thi\u1ec7n, qu\u00e1 tr\u00ecnh mua s\u1eafm t\u1ea1i Mixora d\u1ec5 d\u00e0ng v\u00e0 nhanh ch\u00f3ng h\u01a1n bao gi\u1edd h\u1ebft. \u0110\u1eb7c bi\u1ec7t, ch\u00fang t\u00f4i lu\u00f4n cung c\u1ea5p d\u1ecbch v\u1ee5 giao h\u00e0ng t\u1eadn n\u01a1i v\u00e0 \u0111\u1ed5i tr\u1ea3 linh ho\u1ea1t.<\/li><li><strong>Phong c\u00e1ch cho m\u1ecdi ng\u01b0\u1eddi<\/strong>: Kh\u00f4ng ph\u00e2n bi\u1ec7t b\u1ea1n l\u00e0 ai hay phong c\u00e1ch c\u00e1 nh\u00e2n c\u1ee7a b\u1ea1n nh\u01b0 th\u1ebf n\u00e0o, Mixora lu\u00f4n c\u00f3 nh\u1eefng thi\u1ebft k\u1ebf ph\u00f9 h\u1ee3p v\u1edbi b\u1ea1n, gi\u00fap b\u1ea1n t\u1ef1 tin t\u1ecfa s\u00e1ng m\u1ed7i ng\u00e0y.<\/li><\/ul><h3><strong>Li\u00ean H\u1ec7 V\u1edbi Ch\u00fang T\u00f4i<\/strong><\/h3><p>N\u1ebfu b\u1ea1n c\u00f3 b\u1ea5t k\u1ef3 c\u00e2u h\u1ecfi ho\u1eb7c c\u1ea7n h\u1ed7 tr\u1ee3, \u0111\u1eebng ng\u1ea7n ng\u1ea1i li\u00ean h\u1ec7 v\u1edbi \u0111\u1ed9i ng\u0169 c\u1ee7a Mixora qua email ho\u1eb7c c\u00e1c k\u00eanh m\u1ea1ng x\u00e3 h\u1ed9i. Ch\u00fang t\u00f4i lu\u00f4n s\u1eb5n s\u00e0ng \u0111\u1ed3ng h\u00e0nh c\u00f9ng b\u1ea1n tr\u00ean h\u00e0nh tr\u00ecnh th\u1eddi trang c\u1ee7a m\u00ecnh.<\/p><div id=\"eJOY__extension_root\" class=\"eJOY__extension_root_class\" style=\"all: unset;\">\u00a0<\/div>\t\t\t\t\t\t\t\t<\/div>\n\t\t\t\t<\/div>\n\t\t\t\t\t<\/div>\n\t\t\t\t<\/div>\n\t\t\t\t<\/div>\n\t\t","protected":false},"excerpt":{"rendered":"<p>V\u1ec1 ch\u00fang t\u00f4i V\u1ec1 Mixora Ch\u00e0o m\u1eebng b\u1ea1n \u0111\u1ebfn v\u1edbi Mixora, th\u1ebf gi\u1edbi c\u1ee7a s\u1ef1 s\u00e1ng t\u1ea1o v\u00e0 th\u1eddi trang hi\u1ec7n \u0111\u1ea1i. T\u1ea1i Mixora, ch\u00fang t\u00f4i kh\u00f4ng ch\u1ec9 b\u00e1n qu\u1ea7n \u00e1o m\u00e0 c\u00f2n mang \u0111\u1ebfn cho b\u1ea1n nh\u1eefng c\u00e2u chuy\u1ec7n phong c\u00e1ch \u0111\u1ed9c \u0111\u00e1o, nh\u1eefng c\u1ea3m h\u1ee9ng t\u1eeb xu h\u01b0\u1edbng to\u00e0n c\u1ea7u, v\u00e0 tr\u00ean h\u1ebft l\u00e0 s\u1ef1 t\u1ef1 tin trong m\u1ed7i b\u01b0\u1edbc \u0111i c\u1ee7a b\u1ea1n. C\u00e2u Chuy\u1ec7n C\u1ee7a Mixora \u0110\u01b0\u1ee3c th\u00e0nh l\u1eadp v\u1edbi \u0111am m\u00ea v\u1ec1 th\u1eddi trang v\u00e0 mong mu\u1ed1n mang l\u1ea1i s\u1ef1 kh\u00e1c bi\u1ec7t, Mixora l\u00e0 s\u1ef1 k\u1ebft h\u1ee3p ho\u00e0n h\u1ea3o gi\u1eefa c\u00e1i \u0111\u1eb9p truy\u1ec1n th\u1ed1ng v\u00e0 s\u1ef1 t\u01b0\u01a1i m\u1edbi c\u1ee7a phong c\u00e1ch hi\u1ec7n \u0111\u1ea1i. M\u1ed7i s\u1ea3n ph\u1ea9m c\u1ee7a Mixora \u0111\u1ec1u \u0111\u01b0\u1ee3c t\u1ea1o ra v\u1edbi ti\u00eau ch\u00ed: ch\u1ea5t l\u01b0\u1ee3ng v\u01b0\u1ee3t tr\u1ed9i, thi\u1ebft k\u1ebf tinh t\u1ebf, v\u00e0 gi\u00e1 tr\u1ecb b\u1ec1n v\u1eefng. T\u1ea7m Nh\u00ecn v\u00e0 S\u1ee9 M\u1ec7nh T\u1ea7m nh\u00ecn c\u1ee7a ch\u00fang t\u00f4i l\u00e0 tr\u1edf th\u00e0nh th\u01b0\u01a1ng hi\u1ec7u th\u1eddi trang h\u00e0ng \u0111\u1ea7u mang \u0111\u1ebfn nh\u1eefng s\u1ea3n ph\u1ea9m kh\u00f4ng ch\u1ec9 \u0111\u1eb9p m\u1eaft m\u00e0 c\u00f2n th\u00fac \u0111\u1ea9y phong c\u00e1ch s\u1ed1ng c\u00f3 tr\u00e1ch nhi\u1ec7m. Ch\u00fang t\u00f4i tin r\u1eb1ng th\u1eddi trang kh\u00f4ng ch\u1ec9 l\u00e0 m\u1ed9t c\u00e1ch \u0111\u1ec3 th\u1ec3 hi\u1ec7n b\u1ea3n th\u00e2n, m\u00e0 c\u00f2n l\u00e0 ph\u01b0\u01a1ng ti\u1ec7n \u0111\u1ec3 t\u1ea1o ra s\u1ef1 thay \u0111\u1ed5i t\u00edch c\u1ef1c trong x\u00e3 h\u1ed9i v\u00e0 m\u00f4i tr\u01b0\u1eddng. S\u1ee9 m\u1ec7nh c\u1ee7a Mixora l\u00e0 mang \u0111\u1ebfn cho kh\u00e1ch h\u00e0ng tr\u1ea3i nghi\u1ec7m mua s\u1eafm th\u00fa v\u1ecb, \u0111\u00e1ng nh\u1edb, \u0111\u1ed3ng th\u1eddi cung c\u1ea5p nh\u1eefng s\u1ea3n ph\u1ea9m th\u1eddi trang ch\u1ea5t l\u01b0\u1ee3ng cao, tinh t\u1ebf v\u00e0 th\u00e2n thi\u1ec7n v\u1edbi m\u00f4i tr\u01b0\u1eddng. Ch\u00fang t\u00f4i lu\u00f4n kh\u00f4ng ng\u1eebng n\u1ed7 l\u1ef1c \u0111\u1ec3 n\u00e2ng cao s\u1ef1 \u0111a d\u1ea1ng trong thi\u1ebft k\u1ebf v\u00e0 \u0111\u1ea3m b\u1ea3o t\u00ednh b\u1ec1n v\u1eefng trong t\u1eebng s\u1ea3n ph\u1ea9m. Gi\u00e1 Tr\u1ecb C\u1ed1t L\u00f5i Ch\u1ea5t L\u01b0\u1ee3ng Ho\u00e0n H\u1ea3o: M\u1ed7i s\u1ea3n ph\u1ea9m t\u1ea1i Mixora \u0111\u1ec1u \u0111\u01b0\u1ee3c ch\u0103m ch\u00fat k\u1ef9 l\u01b0\u1ee1ng t\u1eeb ch\u1ea5t li\u1ec7u \u0111\u1ebfn t\u1eebng \u0111\u01b0\u1eddng kim m\u0169i ch\u1ec9. Ch\u00fang t\u00f4i cam k\u1ebft mang l\u1ea1i nh\u1eefng s\u1ea3n ph\u1ea9m t\u1ed1t nh\u1ea5t \u0111\u1ebfn v\u1edbi b\u1ea1n. S\u00e1ng T\u1ea1o Kh\u00f4ng Gi\u1edbi H\u1ea1n: T\u1ea1i Mixora, ch\u00fang t\u00f4i lu\u00f4n theo \u0111u\u1ed5i s\u1ef1 \u0111\u1ed5i m\u1edbi v\u00e0 s\u00e1ng t\u1ea1o \u0111\u1ec3 mang l\u1ea1i c\u00e1c thi\u1ebft k\u1ebf \u0111\u1ed9c \u0111\u00e1o, ph\u00f9 h\u1ee3p v\u1edbi nhi\u1ec1u phong c\u00e1ch kh\u00e1c nhau. Th\u00e2n Thi\u1ec7n V\u1edbi M\u00f4i Tr\u01b0\u1eddng: Ch\u00fang t\u00f4i ch\u00fa tr\u1ecdng vi\u1ec7c s\u1eed d\u1ee5ng c\u00e1c nguy\u00ean li\u1ec7u th\u00e2n thi\u1ec7n v\u1edbi m\u00f4i tr\u01b0\u1eddng v\u00e0 ph\u00e1t tri\u1ec3n nh\u1eefng s\u1ea3n ph\u1ea9m b\u1ec1n v\u1eefng, v\u00ec ch\u00fang t\u00f4i tin r\u1eb1ng th\u1eddi trang c\u00f3 th\u1ec3 c\u00f9ng chung tay b\u1ea3o v\u1ec7 tr\u00e1i \u0111\u1ea5t. S\u1ef1 H\u00e0i L\u00f2ng C\u1ee7a Kh\u00e1ch H\u00e0ng: Mixora lu\u00f4n \u0111\u1eb7t s\u1ef1 h\u00e0i l\u00f2ng c\u1ee7a kh\u00e1ch h\u00e0ng l\u00ean h\u00e0ng \u0111\u1ea7u. T\u1eeb ch\u1ea5t l\u01b0\u1ee3ng s\u1ea3n ph\u1ea9m cho \u0111\u1ebfn d\u1ecbch v\u1ee5 ch\u0103m s\u00f3c kh\u00e1ch h\u00e0ng, ch\u00fang t\u00f4i lu\u00f4n s\u1eb5n s\u00e0ng l\u1eafng nghe v\u00e0 ph\u1ee5c v\u1ee5 b\u1ea1n t\u1ed1t nh\u1ea5t. Ch\u00fang T\u00f4i Mang \u0110\u1ebfn Cho B\u1ea1n \u0110i\u1ec1u G\u00ec? B\u1ed9 s\u01b0u t\u1eadp phong ph\u00fa: T\u1eeb trang ph\u1ee5c d\u1ea1o ph\u1ed1 n\u0103ng \u0111\u1ed9ng \u0111\u1ebfn nh\u1eefng b\u1ed9 c\u00e1nh sang tr\u1ecdng cho c\u00e1c s\u1ef1 ki\u1ec7n \u0111\u1eb7c bi\u1ec7t, Mixora mang \u0111\u1ebfn \u0111a d\u1ea1ng s\u1ef1 l\u1ef1a ch\u1ecdn \u0111\u1ec3 b\u1ea1n th\u1ec3 hi\u1ec7n phong c\u00e1ch c\u00e1 nh\u00e2n. Tr\u1ea3i nghi\u1ec7m mua s\u1eafm ti\u1ec7n l\u1ee3i: V\u1edbi giao di\u1ec7n website th\u00e2n thi\u1ec7n, qu\u00e1 tr\u00ecnh mua s\u1eafm t\u1ea1i Mixora d\u1ec5 d\u00e0ng v\u00e0 nhanh ch\u00f3ng h\u01a1n bao gi\u1edd h\u1ebft. \u0110\u1eb7c bi\u1ec7t, ch\u00fang t\u00f4i lu\u00f4n cung c\u1ea5p d\u1ecbch v\u1ee5 giao h\u00e0ng t\u1eadn n\u01a1i v\u00e0 \u0111\u1ed5i tr\u1ea3 linh ho\u1ea1t. Phong c\u00e1ch cho m\u1ecdi ng\u01b0\u1eddi: Kh\u00f4ng ph\u00e2n bi\u1ec7t b\u1ea1n l\u00e0 ai hay phong c\u00e1ch c\u00e1 nh\u00e2n c\u1ee7a b\u1ea1n nh\u01b0 th\u1ebf n\u00e0o, Mixora lu\u00f4n c\u00f3 nh\u1eefng thi\u1ebft k\u1ebf ph\u00f9 h\u1ee3p v\u1edbi b\u1ea1n, gi\u00fap b\u1ea1n t\u1ef1 tin t\u1ecfa s\u00e1ng m\u1ed7i ng\u00e0y. Li\u00ean H\u1ec7 V\u1edbi Ch\u00fang T\u00f4i N\u1ebfu b\u1ea1n c\u00f3 b\u1ea5t k\u1ef3 c\u00e2u h\u1ecfi ho\u1eb7c c\u1ea7n h\u1ed7 tr\u1ee3, \u0111\u1eebng ng\u1ea7n ng\u1ea1i li\u00ean h\u1ec7 v\u1edbi \u0111\u1ed9i ng\u0169 c\u1ee7a Mixora qua email ho\u1eb7c c\u00e1c k\u00eanh m\u1ea1ng x\u00e3 h\u1ed9i. Ch\u00fang t\u00f4i lu\u00f4n s\u1eb5n s\u00e0ng \u0111\u1ed3ng h\u00e0nh c\u00f9ng b\u1ea1n tr\u00ean h\u00e0nh tr\u00ecnh th\u1eddi trang c\u1ee7a m\u00ecnh. \u00a0<\/p>\n","protected":false},"author":1,"featured_media":0,"parent":0,"menu_order":0,"comment_status":"closed","ping_status":"closed","template":"","meta":{"footnotes":""},"class_list":["post-37","page","type-page","status-publish","hentry"],"_links":{"self":[{"href":"https:\/\/webchodoanhnghiep.tamkhoa.com\/thuong-mai-02\/wp-json\/wp\/v2\/pages\/37"}],"collection":[{"href":"https:\/\/webchodoanhnghiep.tamkhoa.com\/thuong-mai-02\/wp-json\/wp\/v2\/pages"}],"about":[{"href":"https:\/\/webchodoanhnghiep.tamkhoa.com\/thuong-mai-02\/wp-json\/wp\/v2\/types\/page"}],"author":[{"embeddable":true,"href":"https:\/\/webchodoanhnghiep.tamkhoa.com\/thuong-mai-02\/wp-json\/wp\/v2\/users\/1"}],"replies":[{"embeddable":true,"href":"https:\/\/webchodoanhnghiep.tamkhoa.com\/thuong-mai-02\/wp-json\/wp\/v2\/comments?post=37"}],"version-history":[{"count":0,"href":"https:\/\/webchodoanhnghiep.tamkhoa.com\/thuong-mai-02\/wp-json\/wp\/v2\/pages\/37\/revisions"}],"wp:attachment":[{"href":"https:\/\/webchodoanhnghiep.tamkhoa.com\/thuong-mai-02\/wp-json\/wp\/v2\/media?parent=37"}],"curies":[{"name":"wp","href":"https:\/\/api.w.org\/{rel}","templated":true}]}}