{"id":1303,"date":"2024-10-16T07:48:16","date_gmt":"2024-10-16T07:48:16","guid":{"rendered":"https:\/\/webchodoanhnghiep2.tamkhoa.com\/thuong-mai-05\/?post_type=product&#038;p=1303"},"modified":"2024-10-16T07:49:07","modified_gmt":"2024-10-16T07:49:07","slug":"may-phun-thuoc-ap-3","status":"publish","type":"product","link":"https:\/\/webchodoanhnghiep.tamkhoa.com\/thuong-mai-05\/product\/may-phun-thuoc-ap-3\/","title":{"rendered":"M\u00e1y phun thu\u1ed1c AP 3"},"content":{"rendered":"<p>M\u00e1y phun thu\u1ed1c c\u1ee7a <strong>AgroProva<\/strong> \u0111\u01b0\u1ee3c thi\u1ebft k\u1ebf \u0111\u1ec3 gi\u00fap ng\u01b0\u1eddi n\u00f4ng d\u00e2n b\u1ea3o v\u1ec7 m\u00f9a m\u00e0ng m\u1ed9t c\u00e1ch hi\u1ec7u qu\u1ea3 v\u00e0 ti\u1ebft ki\u1ec7m. V\u1edbi kh\u1ea3 n\u0103ng phun thu\u1ed1c \u0111\u1ed3ng \u0111\u1ec1u, nhanh ch\u00f3ng v\u00e0 an to\u00e0n, s\u1ea3n ph\u1ea9m n\u00e0y l\u00e0 c\u00f4ng c\u1ee5 h\u1ed7 tr\u1ee3 \u0111\u1eafc l\u1ef1c trong vi\u1ec7c ng\u0103n ng\u1eeba s\u00e2u b\u1ec7nh, \u0111\u1ea3m b\u1ea3o ch\u1ea5t l\u01b0\u1ee3ng c\u00e2y tr\u1ed3ng.<\/p>\n<h4><strong>\u0110\u1eb7c \u0111i\u1ec3m n\u1ed5i b\u1eadt:<\/strong><\/h4>\n<ul>\n<li><strong>C\u00f4ng su\u1ea5t m\u1ea1nh m\u1ebd<\/strong>: M\u00e1y phun thu\u1ed1c c\u1ee7a <strong>AgroProva<\/strong> \u0111\u01b0\u1ee3c trang b\u1ecb \u0111\u1ed9ng c\u01a1 c\u00f4ng su\u1ea5t cao, \u0111\u1ea3m b\u1ea3o kh\u1ea3 n\u0103ng phun xa v\u00e0 \u0111\u1ed3ng \u0111\u1ec1u, gi\u00fap bao ph\u1ee7 to\u00e0n b\u1ed9 khu v\u1ef1c canh t\u00e1c m\u1ed9t c\u00e1ch nhanh ch\u00f3ng.<\/li>\n<li><strong>Dung t\u00edch l\u1edbn<\/strong>: B\u00ecnh ch\u1ee9a c\u00f3 dung t\u00edch l\u1edbn, gi\u1ea3m s\u1ed1 l\u1ea7n n\u1ea1p l\u1ea1i thu\u1ed1c, gi\u00fap ti\u1ebft ki\u1ec7m th\u1eddi gian v\u00e0 n\u00e2ng cao hi\u1ec7u qu\u1ea3 c\u00f4ng vi\u1ec7c.<\/li>\n<li><strong>Ti\u1ebft ki\u1ec7m thu\u1ed1c v\u00e0 n\u01b0\u1edbc<\/strong>: C\u00f4ng ngh\u1ec7 phun s\u01b0\u01a1ng hi\u1ec7n \u0111\u1ea1i \u0111\u1ea3m b\u1ea3o l\u01b0\u1ee3ng thu\u1ed1c s\u1eed d\u1ee5ng v\u1eeba \u0111\u1ee7, h\u1ea1n ch\u1ebf l\u00e3ng ph\u00ed v\u00e0 t\u1ed1i \u01b0u h\u00f3a hi\u1ec7u qu\u1ea3 b\u1ea3o v\u1ec7 c\u00e2y tr\u1ed3ng.<\/li>\n<li><strong>D\u1ec5 s\u1eed d\u1ee5ng v\u00e0 b\u1ea3o tr\u00ec<\/strong>: Thi\u1ebft k\u1ebf g\u1ecdn nh\u1eb9, d\u1ec5 d\u00e0ng di chuy\u1ec3n tr\u00ean m\u1ecdi lo\u1ea1i \u0111\u1ecba h\u00ecnh, m\u00e1y phun thu\u1ed1c c\u1ee7a <strong>AgroProva<\/strong> c\u00f3 c\u00e1c b\u1ed9 ph\u1eadn d\u1ec5 th\u00e1o l\u1eafp \u0111\u1ec3 v\u1ec7 sinh v\u00e0 b\u1ea3o d\u01b0\u1ee1ng.<\/li>\n<li><strong>An to\u00e0n cho ng\u01b0\u1eddi s\u1eed d\u1ee5ng<\/strong>: H\u1ec7 th\u1ed1ng phun thu\u1ed1c kh\u00e9p k\u00edn v\u00e0 \u0111\u1ea3m b\u1ea3o an to\u00e0n, gi\u00fap h\u1ea1n ch\u1ebf ti\u1ebfp x\u00fac tr\u1ef1c ti\u1ebfp v\u1edbi h\u00f3a ch\u1ea5t, b\u1ea3o v\u1ec7 s\u1ee9c kh\u1ecfe ng\u01b0\u1eddi n\u00f4ng d\u00e2n.<\/li>\n<\/ul>\n<h4><strong>L\u1ee3i \u00edch khi s\u1eed d\u1ee5ng m\u00e1y phun thu\u1ed1c c\u1ee7a AgroProva:<\/strong><\/h4>\n<ul>\n<li><strong>B\u1ea3o v\u1ec7 m\u00f9a m\u00e0ng hi\u1ec7u qu\u1ea3<\/strong>: M\u00e1y phun thu\u1ed1c gi\u00fap ph\u00e2n ph\u1ed1i thu\u1ed1c \u0111\u1ec1u kh\u1eafp di\u1ec7n t\u00edch tr\u1ed3ng tr\u1ecdt, t\u0103ng c\u01b0\u1eddng kh\u1ea3 n\u0103ng ng\u0103n ng\u1eeba s\u00e2u b\u1ec7nh, b\u1ea3o v\u1ec7 c\u00e2y tr\u1ed3ng kh\u1ecfi t\u00e1c \u0111\u1ed9ng c\u1ee7a c\u00e1c y\u1ebfu t\u1ed1 g\u00e2y h\u1ea1i.<\/li>\n<li><strong>Ti\u1ebft ki\u1ec7m th\u1eddi gian v\u00e0 c\u00f4ng s\u1ee9c<\/strong>: V\u1edbi kh\u1ea3 n\u0103ng phun nhanh, m\u00e1y phun thu\u1ed1c c\u1ee7a <strong>AgroProva<\/strong> gi\u00fap r\u00fat ng\u1eafn th\u1eddi gian b\u1ea3o v\u1ec7 c\u00e2y tr\u1ed3ng, gi\u1ea3m c\u00f4ng lao \u0111\u1ed9ng th\u1ee7 c\u00f4ng.<\/li>\n<li><strong>T\u0103ng hi\u1ec7u qu\u1ea3 s\u1ea3n xu\u1ea5t<\/strong>: Nh\u1edd c\u00f4ng ngh\u1ec7 phun hi\u1ec7n \u0111\u1ea1i, l\u01b0\u1ee3ng thu\u1ed1c \u0111\u01b0\u1ee3c ph\u00e2n b\u1ed1 ch\u00ednh x\u00e1c v\u00e0 \u0111\u1ec1u \u0111\u1eb7n, gi\u00fap t\u1ed1i \u01b0u h\u00f3a vi\u1ec7c s\u1eed d\u1ee5ng thu\u1ed1c b\u1ea3o v\u1ec7 th\u1ef1c v\u1eadt v\u00e0 \u0111\u1ea3m b\u1ea3o s\u1ee9c kh\u1ecfe c\u00e2y tr\u1ed3ng.<\/li>\n<li><strong>Ph\u00f9 h\u1ee3p v\u1edbi nhi\u1ec1u lo\u1ea1i c\u00e2y tr\u1ed3ng v\u00e0 \u0111\u1ecba h\u00ecnh<\/strong>: M\u00e1y phun thu\u1ed1c c\u1ee7a <strong>AgroProva<\/strong> c\u00f3 kh\u1ea3 n\u0103ng \u0111i\u1ec1u ch\u1ec9nh \u00e1p l\u1ef1c phun, ph\u00f9 h\u1ee3p cho vi\u1ec7c phun tr\u00ean nhi\u1ec1u lo\u1ea1i c\u00e2y v\u00e0 \u1edf nh\u1eefng \u0111\u1ecba h\u00ecnh kh\u00e1c nhau.<\/li>\n<\/ul>\n<p>V\u1edbi <strong>AgroProva<\/strong>, b\u1ea1n c\u00f3 th\u1ec3 ho\u00e0n to\u00e0n y\u00ean t\u00e2m v\u1ec1 ch\u1ea5t l\u01b0\u1ee3ng v\u00e0 hi\u1ec7u su\u1ea5t c\u1ee7a m\u00e1y phun thu\u1ed1c, \u0111\u1ea3m b\u1ea3o c\u00e2y tr\u1ed3ng c\u1ee7a b\u1ea1n lu\u00f4n \u0111\u01b0\u1ee3c b\u1ea3o v\u1ec7 t\u1ed1t nh\u1ea5t \u0111\u1ec3 \u0111\u1ea1t n\u0103ng su\u1ea5t cao.<\/p>\n","protected":false},"excerpt":{"rendered":"<p>M\u00e1y phun thu\u1ed1c c\u1ee7a AgroProva \u0111\u01b0\u1ee3c thi\u1ebft k\u1ebf \u0111\u1ec3 gi\u00fap ng\u01b0\u1eddi n\u00f4ng d\u00e2n b\u1ea3o v\u1ec7 m\u00f9a m\u00e0ng m\u1ed9t c\u00e1ch hi\u1ec7u qu\u1ea3 v\u00e0 ti\u1ebft ki\u1ec7m. V\u1edbi kh\u1ea3 n\u0103ng phun thu\u1ed1c \u0111\u1ed3ng \u0111\u1ec1u, nhanh ch\u00f3ng v\u00e0 an to\u00e0n, s\u1ea3n ph\u1ea9m n\u00e0y l\u00e0 c\u00f4ng c\u1ee5 h\u1ed7 tr\u1ee3 \u0111\u1eafc l\u1ef1c trong vi\u1ec7c ng\u0103n ng\u1eeba s\u00e2u b\u1ec7nh, \u0111\u1ea3m b\u1ea3o ch\u1ea5t l\u01b0\u1ee3ng c\u00e2y tr\u1ed3ng. \u0110\u1eb7c \u0111i\u1ec3m n\u1ed5i b\u1eadt: C\u00f4ng su\u1ea5t m\u1ea1nh m\u1ebd: M\u00e1y phun thu\u1ed1c c\u1ee7a AgroProva \u0111\u01b0\u1ee3c trang b\u1ecb \u0111\u1ed9ng c\u01a1 c\u00f4ng su\u1ea5t cao, \u0111\u1ea3m b\u1ea3o kh\u1ea3 n\u0103ng phun xa v\u00e0 \u0111\u1ed3ng \u0111\u1ec1u, gi\u00fap bao ph\u1ee7 to\u00e0n b\u1ed9 khu v\u1ef1c canh t\u00e1c m\u1ed9t c\u00e1ch nhanh ch\u00f3ng. Dung t\u00edch l\u1edbn: B\u00ecnh ch\u1ee9a c\u00f3 dung t\u00edch l\u1edbn, gi\u1ea3m s\u1ed1 l\u1ea7n n\u1ea1p l\u1ea1i thu\u1ed1c, gi\u00fap ti\u1ebft ki\u1ec7m th\u1eddi gian v\u00e0 n\u00e2ng cao hi\u1ec7u qu\u1ea3 c\u00f4ng vi\u1ec7c. Ti\u1ebft ki\u1ec7m thu\u1ed1c v\u00e0 n\u01b0\u1edbc: C\u00f4ng ngh\u1ec7 phun s\u01b0\u01a1ng hi\u1ec7n \u0111\u1ea1i \u0111\u1ea3m b\u1ea3o l\u01b0\u1ee3ng thu\u1ed1c s\u1eed d\u1ee5ng v\u1eeba \u0111\u1ee7, h\u1ea1n ch\u1ebf l\u00e3ng ph\u00ed v\u00e0 t\u1ed1i \u01b0u h\u00f3a hi\u1ec7u qu\u1ea3 b\u1ea3o v\u1ec7 c\u00e2y tr\u1ed3ng. D\u1ec5 s\u1eed d\u1ee5ng v\u00e0 b\u1ea3o tr\u00ec: Thi\u1ebft k\u1ebf g\u1ecdn nh\u1eb9, d\u1ec5 d\u00e0ng di chuy\u1ec3n tr\u00ean m\u1ecdi lo\u1ea1i \u0111\u1ecba h\u00ecnh, m\u00e1y phun thu\u1ed1c c\u1ee7a AgroProva c\u00f3 c\u00e1c b\u1ed9 ph\u1eadn d\u1ec5 th\u00e1o l\u1eafp \u0111\u1ec3 v\u1ec7 sinh v\u00e0 b\u1ea3o d\u01b0\u1ee1ng. An to\u00e0n cho ng\u01b0\u1eddi s\u1eed d\u1ee5ng: H\u1ec7 th\u1ed1ng phun thu\u1ed1c kh\u00e9p k\u00edn v\u00e0 \u0111\u1ea3m b\u1ea3o an to\u00e0n, gi\u00fap h\u1ea1n ch\u1ebf ti\u1ebfp x\u00fac tr\u1ef1c ti\u1ebfp v\u1edbi h\u00f3a ch\u1ea5t, b\u1ea3o v\u1ec7 s\u1ee9c kh\u1ecfe ng\u01b0\u1eddi n\u00f4ng d\u00e2n. L\u1ee3i \u00edch khi s\u1eed d\u1ee5ng m\u00e1y phun thu\u1ed1c c\u1ee7a AgroProva: B\u1ea3o v\u1ec7 m\u00f9a m\u00e0ng hi\u1ec7u qu\u1ea3: M\u00e1y phun thu\u1ed1c gi\u00fap ph\u00e2n ph\u1ed1i thu\u1ed1c \u0111\u1ec1u kh\u1eafp di\u1ec7n t\u00edch tr\u1ed3ng tr\u1ecdt, t\u0103ng c\u01b0\u1eddng kh\u1ea3 n\u0103ng ng\u0103n ng\u1eeba s\u00e2u b\u1ec7nh, b\u1ea3o v\u1ec7 c\u00e2y tr\u1ed3ng kh\u1ecfi t\u00e1c \u0111\u1ed9ng c\u1ee7a c\u00e1c y\u1ebfu t\u1ed1 g\u00e2y h\u1ea1i. Ti\u1ebft ki\u1ec7m th\u1eddi gian v\u00e0 c\u00f4ng s\u1ee9c: V\u1edbi kh\u1ea3 n\u0103ng phun nhanh, m\u00e1y phun thu\u1ed1c c\u1ee7a AgroProva gi\u00fap r\u00fat ng\u1eafn th\u1eddi gian b\u1ea3o v\u1ec7 c\u00e2y tr\u1ed3ng, gi\u1ea3m c\u00f4ng lao \u0111\u1ed9ng th\u1ee7 c\u00f4ng. T\u0103ng hi\u1ec7u qu\u1ea3 s\u1ea3n xu\u1ea5t: Nh\u1edd c\u00f4ng ngh\u1ec7 phun hi\u1ec7n \u0111\u1ea1i, l\u01b0\u1ee3ng thu\u1ed1c \u0111\u01b0\u1ee3c ph\u00e2n b\u1ed1 ch\u00ednh x\u00e1c v\u00e0 \u0111\u1ec1u \u0111\u1eb7n, gi\u00fap t\u1ed1i \u01b0u h\u00f3a vi\u1ec7c s\u1eed d\u1ee5ng thu\u1ed1c b\u1ea3o v\u1ec7 th\u1ef1c v\u1eadt v\u00e0 \u0111\u1ea3m b\u1ea3o s\u1ee9c kh\u1ecfe c\u00e2y tr\u1ed3ng. Ph\u00f9 h\u1ee3p v\u1edbi nhi\u1ec1u lo\u1ea1i c\u00e2y tr\u1ed3ng v\u00e0 \u0111\u1ecba h\u00ecnh: M\u00e1y phun thu\u1ed1c c\u1ee7a AgroProva c\u00f3 kh\u1ea3 n\u0103ng \u0111i\u1ec1u ch\u1ec9nh \u00e1p l\u1ef1c phun, ph\u00f9 h\u1ee3p cho vi\u1ec7c phun tr\u00ean nhi\u1ec1u lo\u1ea1i c\u00e2y v\u00e0 \u1edf nh\u1eefng \u0111\u1ecba h\u00ecnh kh\u00e1c nhau. V\u1edbi AgroProva, b\u1ea1n c\u00f3 th\u1ec3 ho\u00e0n to\u00e0n y\u00ean t\u00e2m v\u1ec1 ch\u1ea5t l\u01b0\u1ee3ng v\u00e0 hi\u1ec7u su\u1ea5t c\u1ee7a m\u00e1y phun thu\u1ed1c, \u0111\u1ea3m b\u1ea3o c\u00e2y tr\u1ed3ng c\u1ee7a b\u1ea1n lu\u00f4n \u0111\u01b0\u1ee3c b\u1ea3o v\u1ec7 t\u1ed1t nh\u1ea5t \u0111\u1ec3 \u0111\u1ea1t n\u0103ng su\u1ea5t cao.<\/p>\n","protected":false},"featured_media":1249,"comment_status":"open","ping_status":"closed","template":"","meta":[],"product_brand":[],"product_cat":[27],"product_tag":[],"class_list":{"0":"post-1303","1":"product","2":"type-product","3":"status-publish","4":"has-post-thumbnail","6":"product_cat-may-phun-thuoc-tru-sau","8":"first","9":"instock","10":"featured","11":"shipping-taxable","12":"purchasable","13":"product-type-simple"},"_links":{"self":[{"href":"https:\/\/webchodoanhnghiep.tamkhoa.com\/thuong-mai-05\/wp-json\/wp\/v2\/product\/1303"}],"collection":[{"href":"https:\/\/webchodoanhnghiep.tamkhoa.com\/thuong-mai-05\/wp-json\/wp\/v2\/product"}],"about":[{"href":"https:\/\/webchodoanhnghiep.tamkhoa.com\/thuong-mai-05\/wp-json\/wp\/v2\/types\/product"}],"replies":[{"embeddable":true,"href":"https:\/\/webchodoanhnghiep.tamkhoa.com\/thuong-mai-05\/wp-json\/wp\/v2\/comments?post=1303"}],"wp:featuredmedia":[{"embeddable":true,"href":"https:\/\/webchodoanhnghiep.tamkhoa.com\/thuong-mai-05\/wp-json\/wp\/v2\/media\/1249"}],"wp:attachment":[{"href":"https:\/\/webchodoanhnghiep.tamkhoa.com\/thuong-mai-05\/wp-json\/wp\/v2\/media?parent=1303"}],"wp:term":[{"taxonomy":"product_brand","embeddable":true,"href":"https:\/\/webchodoanhnghiep.tamkhoa.com\/thuong-mai-05\/wp-json\/wp\/v2\/product_brand?post=1303"},{"taxonomy":"product_cat","embeddable":true,"href":"https:\/\/webchodoanhnghiep.tamkhoa.com\/thuong-mai-05\/wp-json\/wp\/v2\/product_cat?post=1303"},{"taxonomy":"product_tag","embeddable":true,"href":"https:\/\/webchodoanhnghiep.tamkhoa.com\/thuong-mai-05\/wp-json\/wp\/v2\/product_tag?post=1303"}],"curies":[{"name":"wp","href":"https:\/\/api.w.org\/{rel}","templated":true}]}}