{"id":808,"date":"2024-10-29T07:47:20","date_gmt":"2024-10-29T07:47:20","guid":{"rendered":"https:\/\/webchodoanhnghiep2.tamkhoa.com\/tu-van-01\/?page_id=808"},"modified":"2024-10-29T08:00:36","modified_gmt":"2024-10-29T08:00:36","slug":"dieu-khoan-va-dieu-kien","status":"publish","type":"page","link":"https:\/\/webchodoanhnghiep.tamkhoa.com\/tu-van-01\/dieu-khoan-va-dieu-kien\/","title":{"rendered":"\u0110i\u1ec1u kho\u1ea3n v\u00e0 \u0111i\u1ec1u ki\u1ec7n"},"content":{"rendered":"\t\t<div data-elementor-type=\"wp-page\" data-elementor-id=\"808\" class=\"elementor elementor-808\">\n\t\t\t\t<div class=\"elementor-element elementor-element-5eb140c e-flex e-con-boxed wpr-particle-no wpr-jarallax-no wpr-parallax-no wpr-sticky-section-no wpr-column-slider-no wpr-equal-height-no e-con e-parent\" data-id=\"5eb140c\" data-element_type=\"container\" data-e-type=\"container\">\n\t\t\t\t\t<div class=\"e-con-inner\">\n\t\t\t\t<div class=\"elementor-element elementor-element-40d57fb elementor-widget elementor-widget-page-title\" data-id=\"40d57fb\" data-element_type=\"widget\" data-e-type=\"widget\" data-settings=\"{&quot;align&quot;:&quot;center&quot;}\" data-widget_type=\"page-title.default\">\n\t\t\t\t<div class=\"elementor-widget-container\">\n\t\t\t\t\t\t\t\n\t\t<div class=\"hfe-page-title hfe-page-title-wrapper elementor-widget-heading\">\n\n\t\t\t\t\t\t\t\t<h2 class=\"elementor-heading-title elementor-size-default\">\n\t\t\t\t\t\t\t\t\n\t\t\t\t\u0110i\u1ec1u kho\u1ea3n v\u00e0 \u0111i\u1ec1u ki\u1ec7n  \n\t\t\t<\/h2 > \n\t\t\t\t\t<\/div>\n\t\t\t\t\t\t<\/div>\n\t\t\t\t<\/div>\n\t\t\t\t\t<\/div>\n\t\t\t\t<\/div>\n\t\t<div class=\"elementor-element elementor-element-6f70837 e-flex e-con-boxed wpr-particle-no wpr-jarallax-no wpr-parallax-no wpr-sticky-section-no wpr-column-slider-no wpr-equal-height-no e-con e-parent\" data-id=\"6f70837\" data-element_type=\"container\" data-e-type=\"container\">\n\t\t\t\t\t<div class=\"e-con-inner\">\n\t\t\t\t<div class=\"elementor-element elementor-element-b575719 elementor-widget elementor-widget-text-editor\" data-id=\"b575719\" data-element_type=\"widget\" data-e-type=\"widget\" data-widget_type=\"text-editor.default\">\n\t\t\t\t<div class=\"elementor-widget-container\">\n\t\t\t\t\t\t\t\t\t<p><strong>1. Ch\u1ea5p nh\u1eadn \u0110i\u1ec1u kho\u1ea3n<\/strong> Khi s\u1eed d\u1ee5ng trang web v\u00e0 c\u00e1c d\u1ecbch v\u1ee5 do FinGuddnce cung c\u1ea5p, b\u1ea1n \u0111\u1ed3ng \u00fd tu\u00e2n th\u1ee7 c\u00e1c \u0111i\u1ec1u kho\u1ea3n v\u00e0 \u0111i\u1ec1u ki\u1ec7n \u0111\u01b0\u1ee3c li\u1ec7t k\u00ea trong t\u00e0i li\u1ec7u n\u00e0y. N\u1ebfu kh\u00f4ng \u0111\u1ed3ng \u00fd v\u1edbi b\u1ea5t k\u1ef3 \u0111i\u1ec1u kho\u1ea3n n\u00e0o, vui l\u00f2ng kh\u00f4ng s\u1eed d\u1ee5ng d\u1ecbch v\u1ee5 c\u1ee7a ch\u00fang t\u00f4i.<\/p><p><strong>2. Ph\u1ea1m vi d\u1ecbch v\u1ee5<\/strong> FinGuddnce cung c\u1ea5p c\u00e1c d\u1ecbch v\u1ee5 t\u01b0 v\u1ea5n t\u00e0i ch\u00ednh c\u00e1 nh\u00e2n, bao g\u1ed3m nh\u01b0ng kh\u00f4ng gi\u1edbi h\u1ea1n \u1edf t\u01b0 v\u1ea5n \u0111\u1ea7u t\u01b0, l\u1eadp k\u1ebf ho\u1ea1ch h\u01b0u tr\u00ed, qu\u1ea3n l\u00fd r\u1ee7i ro, v\u00e0 t\u01b0 v\u1ea5n thu\u1ebf. Ch\u00fang t\u00f4i kh\u00f4ng ch\u1ecbu tr\u00e1ch nhi\u1ec7m v\u1ec1 b\u1ea5t k\u1ef3 thi\u1ec7t h\u1ea1i n\u00e0o ph\u00e1t sinh do quy\u1ebft \u0111\u1ecbnh t\u00e0i ch\u00ednh c\u1ee7a b\u1ea1n d\u1ef1a tr\u00ean c\u00e1c khuy\u1ebfn ngh\u1ecb ho\u1eb7c t\u01b0 v\u1ea5n t\u1eeb FinGuddnce.<\/p><p><strong>3. Ngh\u0129a v\u1ee5 c\u1ee7a ng\u01b0\u1eddi d\u00f9ng<\/strong><\/p><ul><li><strong>Th\u00f4ng tin trung th\u1ef1c<\/strong>: B\u1ea1n cam k\u1ebft cung c\u1ea5p th\u00f4ng tin ch\u00ednh x\u00e1c v\u00e0 trung th\u1ef1c khi s\u1eed d\u1ee5ng d\u1ecbch v\u1ee5 c\u1ee7a ch\u00fang t\u00f4i.<\/li><li><strong>Tu\u00e2n th\u1ee7 ph\u00e1p lu\u1eadt<\/strong>: B\u1ea1n cam k\u1ebft kh\u00f4ng s\u1eed d\u1ee5ng d\u1ecbch v\u1ee5 c\u1ee7a FinGuddnce v\u00e0o c\u00e1c ho\u1ea1t \u0111\u1ed9ng vi ph\u1ea1m ph\u00e1p lu\u1eadt ho\u1eb7c ch\u00ednh s\u00e1ch c\u1ee7a ch\u00fang t\u00f4i.<\/li><\/ul><p><strong>4. Ch\u00ednh s\u00e1ch b\u1ea3o m\u1eadt<\/strong> Ch\u00fang t\u00f4i cam k\u1ebft b\u1ea3o v\u1ec7 th\u00f4ng tin c\u00e1 nh\u00e2n c\u1ee7a b\u1ea1n. Vi\u1ec7c thu th\u1eadp, s\u1eed d\u1ee5ng v\u00e0 l\u01b0u tr\u1eef th\u00f4ng tin c\u00e1 nh\u00e2n s\u1ebd tu\u00e2n th\u1ee7 Ch\u00ednh s\u00e1ch B\u1ea3o m\u1eadt c\u1ee7a FinGuddnce.<\/p><p><strong>5. T\u1eeb ch\u1ed1i tr\u00e1ch nhi\u1ec7m<\/strong> M\u1eb7c d\u00f9 ch\u00fang t\u00f4i lu\u00f4n n\u1ed7 l\u1ef1c \u0111\u1ec3 cung c\u1ea5p c\u00e1c t\u01b0 v\u1ea5n t\u00e0i ch\u00ednh ch\u00ednh x\u00e1c v\u00e0 h\u1eefu \u00edch, FinGuddnce kh\u00f4ng \u0111\u1ea3m b\u1ea3o tuy\u1ec7t \u0111\u1ed1i v\u1ec1 k\u1ebft qu\u1ea3 t\u00e0i ch\u00ednh t\u1eeb c\u00e1c t\u01b0 v\u1ea5n. M\u1ecdi quy\u1ebft \u0111\u1ecbnh t\u00e0i ch\u00ednh \u0111\u1ec1u thu\u1ed9c tr\u00e1ch nhi\u1ec7m c\u1ee7a ng\u01b0\u1eddi d\u00f9ng.<\/p><p><strong>6. Gi\u1edbi h\u1ea1n tr\u00e1ch nhi\u1ec7m<\/strong> FinGuddnce s\u1ebd kh\u00f4ng ch\u1ecbu tr\u00e1ch nhi\u1ec7m cho b\u1ea5t k\u1ef3 t\u1ed5n th\u1ea5t ho\u1eb7c thi\u1ec7t h\u1ea1i n\u00e0o, tr\u1ef1c ti\u1ebfp ho\u1eb7c gi\u00e1n ti\u1ebfp, ph\u00e1t sinh t\u1eeb vi\u1ec7c s\u1eed d\u1ee5ng ho\u1eb7c kh\u00f4ng s\u1eed d\u1ee5ng d\u1ecbch v\u1ee5 c\u1ee7a ch\u00fang t\u00f4i.<\/p><p><strong>7. S\u1eeda \u0111\u1ed5i \u0111i\u1ec1u kho\u1ea3n<\/strong> FinGuddnce c\u00f3 quy\u1ec1n s\u1eeda \u0111\u1ed5i, b\u1ed5 sung ho\u1eb7c x\u00f3a b\u1ecf c\u00e1c \u0111i\u1ec1u kho\u1ea3n n\u00e0y b\u1ea5t k\u1ef3 l\u00fac n\u00e0o m\u00e0 kh\u00f4ng c\u1ea7n th\u00f4ng b\u00e1o tr\u01b0\u1edbc. C\u00e1c thay \u0111\u1ed5i s\u1ebd c\u00f3 hi\u1ec7u l\u1ef1c k\u1ec3 t\u1eeb khi \u0111\u01b0\u1ee3c c\u1eadp nh\u1eadt tr\u00ean website c\u1ee7a ch\u00fang t\u00f4i.<\/p><p><strong>8. Ch\u1ea5m d\u1ee9t d\u1ecbch v\u1ee5<\/strong> FinGuddnce c\u00f3 quy\u1ec1n ch\u1ea5m d\u1ee9t ho\u1eb7c t\u1ea1m ng\u01b0ng d\u1ecbch v\u1ee5 c\u1ee7a b\u1ea1n n\u1ebfu ph\u00e1t hi\u1ec7n b\u1ea1n vi ph\u1ea1m c\u00e1c \u0111i\u1ec1u kho\u1ea3n v\u00e0 \u0111i\u1ec1u ki\u1ec7n n\u00e0y ho\u1eb7c ch\u00ednh s\u00e1ch b\u1ea3o m\u1eadt c\u1ee7a ch\u00fang t\u00f4i.<\/p>\t\t\t\t\t\t\t\t<\/div>\n\t\t\t\t<\/div>\n\t\t\t\t\t<\/div>\n\t\t\t\t<\/div>\n\t\t\t\t<\/div>\n\t\t","protected":false},"excerpt":{"rendered":"<p>\u0110i\u1ec1u kho\u1ea3n v\u00e0 \u0111i\u1ec1u ki\u1ec7n 1. Ch\u1ea5p nh\u1eadn \u0110i\u1ec1u kho\u1ea3n Khi s\u1eed d\u1ee5ng trang web v\u00e0 c\u00e1c d\u1ecbch v\u1ee5 do FinGuddnce cung c\u1ea5p, b\u1ea1n \u0111\u1ed3ng \u00fd tu\u00e2n th\u1ee7 c\u00e1c \u0111i\u1ec1u kho\u1ea3n v\u00e0 \u0111i\u1ec1u ki\u1ec7n \u0111\u01b0\u1ee3c li\u1ec7t k\u00ea trong t\u00e0i li\u1ec7u n\u00e0y. N\u1ebfu kh\u00f4ng \u0111\u1ed3ng \u00fd v\u1edbi b\u1ea5t k\u1ef3 \u0111i\u1ec1u kho\u1ea3n n\u00e0o, vui l\u00f2ng kh\u00f4ng s\u1eed d\u1ee5ng d\u1ecbch v\u1ee5 c\u1ee7a ch\u00fang t\u00f4i. 2. Ph\u1ea1m vi d\u1ecbch v\u1ee5 FinGuddnce cung c\u1ea5p c\u00e1c d\u1ecbch v\u1ee5 t\u01b0 v\u1ea5n t\u00e0i ch\u00ednh c\u00e1 nh\u00e2n, bao g\u1ed3m nh\u01b0ng kh\u00f4ng gi\u1edbi h\u1ea1n \u1edf t\u01b0 v\u1ea5n \u0111\u1ea7u t\u01b0, l\u1eadp k\u1ebf ho\u1ea1ch h\u01b0u tr\u00ed, qu\u1ea3n l\u00fd r\u1ee7i ro, v\u00e0 t\u01b0 v\u1ea5n thu\u1ebf. Ch\u00fang t\u00f4i kh\u00f4ng ch\u1ecbu tr\u00e1ch nhi\u1ec7m v\u1ec1 b\u1ea5t k\u1ef3 thi\u1ec7t h\u1ea1i n\u00e0o ph\u00e1t sinh do quy\u1ebft \u0111\u1ecbnh t\u00e0i ch\u00ednh c\u1ee7a b\u1ea1n d\u1ef1a tr\u00ean c\u00e1c khuy\u1ebfn ngh\u1ecb ho\u1eb7c t\u01b0 v\u1ea5n t\u1eeb FinGuddnce. 3. Ngh\u0129a v\u1ee5 c\u1ee7a ng\u01b0\u1eddi d\u00f9ng Th\u00f4ng tin trung th\u1ef1c: B\u1ea1n cam k\u1ebft cung c\u1ea5p th\u00f4ng tin ch\u00ednh x\u00e1c v\u00e0 trung th\u1ef1c khi s\u1eed d\u1ee5ng d\u1ecbch v\u1ee5 c\u1ee7a ch\u00fang t\u00f4i. Tu\u00e2n th\u1ee7 ph\u00e1p lu\u1eadt: B\u1ea1n cam k\u1ebft kh\u00f4ng s\u1eed d\u1ee5ng d\u1ecbch v\u1ee5 c\u1ee7a FinGuddnce v\u00e0o c\u00e1c ho\u1ea1t \u0111\u1ed9ng vi ph\u1ea1m ph\u00e1p lu\u1eadt ho\u1eb7c ch\u00ednh s\u00e1ch c\u1ee7a ch\u00fang t\u00f4i. 4. Ch\u00ednh s\u00e1ch b\u1ea3o m\u1eadt Ch\u00fang t\u00f4i cam k\u1ebft b\u1ea3o v\u1ec7 th\u00f4ng tin c\u00e1 nh\u00e2n c\u1ee7a b\u1ea1n. Vi\u1ec7c thu th\u1eadp, s\u1eed d\u1ee5ng v\u00e0 l\u01b0u tr\u1eef th\u00f4ng tin c\u00e1 nh\u00e2n s\u1ebd tu\u00e2n th\u1ee7 Ch\u00ednh s\u00e1ch B\u1ea3o m\u1eadt c\u1ee7a FinGuddnce. 5. T\u1eeb ch\u1ed1i tr\u00e1ch nhi\u1ec7m M\u1eb7c d\u00f9 ch\u00fang t\u00f4i lu\u00f4n n\u1ed7 l\u1ef1c \u0111\u1ec3 cung c\u1ea5p c\u00e1c t\u01b0 v\u1ea5n t\u00e0i ch\u00ednh ch\u00ednh x\u00e1c v\u00e0 h\u1eefu \u00edch, FinGuddnce kh\u00f4ng \u0111\u1ea3m b\u1ea3o tuy\u1ec7t \u0111\u1ed1i v\u1ec1 k\u1ebft qu\u1ea3 t\u00e0i ch\u00ednh t\u1eeb c\u00e1c t\u01b0 v\u1ea5n. M\u1ecdi quy\u1ebft \u0111\u1ecbnh t\u00e0i ch\u00ednh \u0111\u1ec1u thu\u1ed9c tr\u00e1ch nhi\u1ec7m c\u1ee7a ng\u01b0\u1eddi d\u00f9ng. 6. Gi\u1edbi h\u1ea1n tr\u00e1ch nhi\u1ec7m FinGuddnce s\u1ebd kh\u00f4ng ch\u1ecbu tr\u00e1ch nhi\u1ec7m cho b\u1ea5t k\u1ef3 t\u1ed5n th\u1ea5t ho\u1eb7c thi\u1ec7t h\u1ea1i n\u00e0o, tr\u1ef1c ti\u1ebfp ho\u1eb7c gi\u00e1n ti\u1ebfp, ph\u00e1t sinh t\u1eeb vi\u1ec7c s\u1eed d\u1ee5ng ho\u1eb7c kh\u00f4ng s\u1eed d\u1ee5ng d\u1ecbch v\u1ee5 c\u1ee7a ch\u00fang t\u00f4i. 7. S\u1eeda \u0111\u1ed5i \u0111i\u1ec1u kho\u1ea3n FinGuddnce c\u00f3 quy\u1ec1n s\u1eeda \u0111\u1ed5i, b\u1ed5 sung ho\u1eb7c x\u00f3a b\u1ecf c\u00e1c \u0111i\u1ec1u kho\u1ea3n n\u00e0y b\u1ea5t k\u1ef3 l\u00fac n\u00e0o m\u00e0 kh\u00f4ng c\u1ea7n th\u00f4ng b\u00e1o tr\u01b0\u1edbc. C\u00e1c thay \u0111\u1ed5i s\u1ebd c\u00f3 hi\u1ec7u l\u1ef1c k\u1ec3 t\u1eeb khi \u0111\u01b0\u1ee3c c\u1eadp nh\u1eadt tr\u00ean website c\u1ee7a ch\u00fang t\u00f4i. 8. Ch\u1ea5m d\u1ee9t d\u1ecbch v\u1ee5 FinGuddnce c\u00f3 quy\u1ec1n ch\u1ea5m d\u1ee9t ho\u1eb7c t\u1ea1m ng\u01b0ng d\u1ecbch v\u1ee5 c\u1ee7a b\u1ea1n n\u1ebfu ph\u00e1t hi\u1ec7n b\u1ea1n vi ph\u1ea1m c\u00e1c \u0111i\u1ec1u kho\u1ea3n v\u00e0 \u0111i\u1ec1u ki\u1ec7n n\u00e0y ho\u1eb7c ch\u00ednh s\u00e1ch b\u1ea3o m\u1eadt c\u1ee7a ch\u00fang t\u00f4i.<\/p>\n","protected":false},"author":1,"featured_media":0,"parent":0,"menu_order":0,"comment_status":"closed","ping_status":"closed","template":"","meta":{"footnotes":""},"class_list":["post-808","page","type-page","status-publish","hentry"],"_links":{"self":[{"href":"https:\/\/webchodoanhnghiep.tamkhoa.com\/tu-van-01\/wp-json\/wp\/v2\/pages\/808"}],"collection":[{"href":"https:\/\/webchodoanhnghiep.tamkhoa.com\/tu-van-01\/wp-json\/wp\/v2\/pages"}],"about":[{"href":"https:\/\/webchodoanhnghiep.tamkhoa.com\/tu-van-01\/wp-json\/wp\/v2\/types\/page"}],"author":[{"embeddable":true,"href":"https:\/\/webchodoanhnghiep.tamkhoa.com\/tu-van-01\/wp-json\/wp\/v2\/users\/1"}],"replies":[{"embeddable":true,"href":"https:\/\/webchodoanhnghiep.tamkhoa.com\/tu-van-01\/wp-json\/wp\/v2\/comments?post=808"}],"version-history":[{"count":4,"href":"https:\/\/webchodoanhnghiep.tamkhoa.com\/tu-van-01\/wp-json\/wp\/v2\/pages\/808\/revisions"}],"predecessor-version":[{"id":826,"href":"https:\/\/webchodoanhnghiep.tamkhoa.com\/tu-van-01\/wp-json\/wp\/v2\/pages\/808\/revisions\/826"}],"wp:attachment":[{"href":"https:\/\/webchodoanhnghiep.tamkhoa.com\/tu-van-01\/wp-json\/wp\/v2\/media?parent=808"}],"curies":[{"name":"wp","href":"https:\/\/api.w.org\/{rel}","templated":true}]}}