{"id":12,"date":"2024-09-10T06:49:27","date_gmt":"2024-09-10T06:49:27","guid":{"rendered":"https:\/\/dulich.tamkhoa.com\/xay-dung-01\/?page_id=12"},"modified":"2024-11-01T03:40:07","modified_gmt":"2024-11-01T03:40:07","slug":"dich-vu","status":"publish","type":"page","link":"https:\/\/webchodoanhnghiep.tamkhoa.com\/xay-dung-01\/dich-vu\/","title":{"rendered":"D\u1ecbch v\u1ee5"},"content":{"rendered":"\t\t<div data-elementor-type=\"wp-page\" data-elementor-id=\"12\" class=\"elementor elementor-12\">\n\t\t\t\t<div class=\"elementor-element elementor-element-fbe56dc e-con-full e-flex wpr-particle-no wpr-jarallax-no wpr-parallax-no wpr-sticky-section-no wpr-column-slider-no wpr-equal-height-no e-con e-parent\" data-id=\"fbe56dc\" data-element_type=\"container\" data-e-type=\"container\" data-settings=\"{&quot;background_background&quot;:&quot;classic&quot;}\">\n\t\t<div class=\"elementor-element elementor-element-1404b76 e-flex e-con-boxed wpr-particle-no wpr-jarallax-no wpr-parallax-no wpr-sticky-section-no wpr-column-slider-no wpr-equal-height-no e-con e-child\" data-id=\"1404b76\" data-element_type=\"container\" data-e-type=\"container\">\n\t\t\t\t\t<div class=\"e-con-inner\">\n\t\t\t\t<div class=\"elementor-element elementor-element-f0098cd elementor-widget elementor-widget-heading\" data-id=\"f0098cd\" data-element_type=\"widget\" data-e-type=\"widget\" data-widget_type=\"heading.default\">\n\t\t\t\t<div class=\"elementor-widget-container\">\n\t\t\t\t\t<h1 class=\"elementor-heading-title elementor-size-default\">D\u1ecbch v\u1ee5<\/h1>\t\t\t\t<\/div>\n\t\t\t\t<\/div>\n\t\t\t\t<div class=\"elementor-element elementor-element-8236767 elementor-widget elementor-widget-text-editor\" data-id=\"8236767\" data-element_type=\"widget\" data-e-type=\"widget\" data-widget_type=\"text-editor.default\">\n\t\t\t\t<div class=\"elementor-widget-container\">\n\t\t\t\t\t\t\t\t\t<p><span style=\"font-size: 18pt;\">T\u1ea1i <strong>Connstriction<\/strong>, ch\u00fang t\u00f4i cung c\u1ea5p m\u1ed9t lo\u1ea1t c\u00e1c d\u1ecbch v\u1ee5 x\u00e2y d\u1ef1ng to\u00e0n di\u1ec7n, \u0111\u00e1p \u1ee9ng m\u1ecdi nhu c\u1ea7u t\u1eeb d\u1ef1 \u00e1n nh\u1ecf \u0111\u1ebfn c\u00e1c c\u00f4ng tr\u00ecnh quy m\u00f4 l\u1edbn. V\u1edbi s\u1ef1 t\u1eadn t\u00e2m v\u00e0 chuy\u00ean m\u00f4n cao, ch\u00fang t\u00f4i cam k\u1ebft mang \u0111\u1ebfn c\u00e1c gi\u1ea3i ph\u00e1p x\u00e2y d\u1ef1ng ch\u1ea5t l\u01b0\u1ee3ng, b\u1ec1n v\u1eefng v\u00e0 s\u00e1ng t\u1ea1o<\/span><\/p><div id=\"eJOY__extension_root\" class=\"eJOY__extension_root_class\" style=\"all: unset;\">\u00a0<\/div>\t\t\t\t\t\t\t\t<\/div>\n\t\t\t\t<\/div>\n\t\t\t\t\t<\/div>\n\t\t\t\t<\/div>\n\t\t\t\t<\/div>\n\t\t<div class=\"elementor-element elementor-element-9311ea5 e-flex e-con-boxed wpr-particle-no wpr-jarallax-no wpr-parallax-no wpr-sticky-section-no wpr-column-slider-no wpr-equal-height-no e-con e-parent\" data-id=\"9311ea5\" data-element_type=\"container\" data-e-type=\"container\">\n\t\t\t\t\t<div class=\"e-con-inner\">\n\t\t\t\t<div class=\"elementor-element elementor-element-9ac6cb5 elementor-widget elementor-widget-heading\" data-id=\"9ac6cb5\" data-element_type=\"widget\" data-e-type=\"widget\" data-widget_type=\"heading.default\">\n\t\t\t\t<div class=\"elementor-widget-container\">\n\t\t\t\t\t<h2 class=\"elementor-heading-title elementor-size-default\">D\u01b0\u1edbi \u0111\u00e2y l\u00e0 c\u00e1c d\u1ecbch v\u1ee5 ch\u1ee7 l\u1ef1c c\u1ee7a ch\u00fang t\u00f4i<\/h2>\t\t\t\t<\/div>\n\t\t\t\t<\/div>\n\t\t\t\t\t<\/div>\n\t\t\t\t<\/div>\n\t\t<div class=\"elementor-element elementor-element-9e7e7d6 e-con-full e-flex wpr-particle-no wpr-jarallax-no wpr-parallax-no wpr-sticky-section-no wpr-column-slider-no wpr-equal-height-no e-con e-parent\" data-id=\"9e7e7d6\" data-element_type=\"container\" data-e-type=\"container\">\n\t\t\t\t<div class=\"elementor-element elementor-element-de7ebb5 elementor-widget elementor-widget-bdt-featured-box\" data-id=\"de7ebb5\" data-element_type=\"widget\" data-e-type=\"widget\" data-widget_type=\"bdt-featured-box.default\">\n\t\t\t\t<div class=\"elementor-widget-container\">\n\t\t\t\t\t\t\t<div class=\"bdt-ep-featured-box bdt-ep-featured-box-default\">\n\t\t\t\t\t<div class=\"bdt-ep-featured-box-image\">\n\t\t\t<div class=\"bdt-position-relative\">\n\t\t\t\t<img fetchpriority=\"high\" decoding=\"async\" width=\"2560\" height=\"1696\" src=\"https:\/\/webchodoanhnghiep.tamkhoa.com\/xay-dung-01\/wp-content\/uploads\/sites\/5\/2024\/09\/pexels-pixabay-271667-scaled-1.webp\" class=\"attachment-full size-full\" alt=\"T\u01b0 v\u1ea5n v\u00e0 thi\u1ebft k\u1ebf ki\u1ebfn tr\u00fac\" srcset=\"https:\/\/webchodoanhnghiep.tamkhoa.com\/xay-dung-01\/wp-content\/uploads\/sites\/5\/2024\/09\/pexels-pixabay-271667-scaled-1.webp 2560w, https:\/\/webchodoanhnghiep.tamkhoa.com\/xay-dung-01\/wp-content\/uploads\/sites\/5\/2024\/09\/pexels-pixabay-271667-scaled-1-300x199.webp 300w, https:\/\/webchodoanhnghiep.tamkhoa.com\/xay-dung-01\/wp-content\/uploads\/sites\/5\/2024\/09\/pexels-pixabay-271667-scaled-1-1024x678.webp 1024w, https:\/\/webchodoanhnghiep.tamkhoa.com\/xay-dung-01\/wp-content\/uploads\/sites\/5\/2024\/09\/pexels-pixabay-271667-scaled-1-768x509.webp 768w, https:\/\/webchodoanhnghiep.tamkhoa.com\/xay-dung-01\/wp-content\/uploads\/sites\/5\/2024\/09\/pexels-pixabay-271667-scaled-1-1536x1018.webp 1536w, https:\/\/webchodoanhnghiep.tamkhoa.com\/xay-dung-01\/wp-content\/uploads\/sites\/5\/2024\/09\/pexels-pixabay-271667-scaled-1-2048x1357.webp 2048w\" sizes=\"(max-width: 2560px) 100vw, 2560px\" \/>\t\t\t<\/div>\n\t\t<\/div>\n\t\t\t\t\t<div class=\"bdt-ep-featured-box-content bdt-position-center-left\">\n\t\t\t\t\t\t\n\t\t\t\t\t<h3 class=\"bdt-ep-featured-box-title\">\n\t\t\t\t<span >\n\t\t\t\t\tT\u01b0 v\u1ea5n v\u00e0 thi\u1ebft k\u1ebf ki\u1ebfn tr\u00fac\t\t\t\t<\/span>\n\t\t\t<\/h3>\n\t\t\n\t\t\t\t\t<div class=\"bdt-ep-featured-box-text\">\n\t\t\t\t\u0110\u1ed9i ng\u0169 ki\u1ebfn tr\u00fac s\u01b0 gi\u00e0u kinh nghi\u1ec7m c\u1ee7a ch\u00fang t\u00f4i s\u1ebd gi\u00fap b\u1ea1n hi\u1ec7n th\u1ef1c h\u00f3a \u00fd t\u01b0\u1edfng b\u1eb1ng c\u00e1c thi\u1ebft k\u1ebf \u0111\u1ed9c \u0111\u00e1o, t\u1ed1i \u01b0u h\u00f3a kh\u00f4ng gian, \u0111\u00e1p \u1ee9ng c\u1ea3 y\u1ebfu t\u1ed1 th\u1ea9m m\u1ef9 v\u00e0 c\u00f4ng n\u0103ng s\u1eed d\u1ee5ng.\t\t\t<\/div>\n\t\t\n\t\t\t\t\t\t\t<\/div>\n\t\t<\/div>\n\t\t\t\t\t\t<\/div>\n\t\t\t\t<\/div>\n\t\t\t\t<div class=\"elementor-element elementor-element-63826be elementor-widget elementor-widget-bdt-featured-box\" data-id=\"63826be\" data-element_type=\"widget\" data-e-type=\"widget\" data-widget_type=\"bdt-featured-box.default\">\n\t\t\t\t<div class=\"elementor-widget-container\">\n\t\t\t\t\t\t\t<div class=\"bdt-ep-featured-box bdt-ep-featured-box-default\">\n\t\t\t\t\t<div class=\"bdt-ep-featured-box-image\">\n\t\t\t<div class=\"bdt-position-relative\">\n\t\t\t\t<img decoding=\"async\" width=\"2560\" height=\"1707\" src=\"https:\/\/webchodoanhnghiep.tamkhoa.com\/xay-dung-01\/wp-content\/uploads\/sites\/5\/2024\/09\/pexels-pixabay-159358-scaled-1.webp\" class=\"attachment-full size-full\" alt=\"X\u00e2y d\u1ef1ng v\u00e0 thi c\u00f4ng\" srcset=\"https:\/\/webchodoanhnghiep.tamkhoa.com\/xay-dung-01\/wp-content\/uploads\/sites\/5\/2024\/09\/pexels-pixabay-159358-scaled-1.webp 2560w, https:\/\/webchodoanhnghiep.tamkhoa.com\/xay-dung-01\/wp-content\/uploads\/sites\/5\/2024\/09\/pexels-pixabay-159358-scaled-1-300x200.webp 300w, https:\/\/webchodoanhnghiep.tamkhoa.com\/xay-dung-01\/wp-content\/uploads\/sites\/5\/2024\/09\/pexels-pixabay-159358-scaled-1-1024x683.webp 1024w, https:\/\/webchodoanhnghiep.tamkhoa.com\/xay-dung-01\/wp-content\/uploads\/sites\/5\/2024\/09\/pexels-pixabay-159358-scaled-1-768x512.webp 768w, https:\/\/webchodoanhnghiep.tamkhoa.com\/xay-dung-01\/wp-content\/uploads\/sites\/5\/2024\/09\/pexels-pixabay-159358-scaled-1-1536x1024.webp 1536w, https:\/\/webchodoanhnghiep.tamkhoa.com\/xay-dung-01\/wp-content\/uploads\/sites\/5\/2024\/09\/pexels-pixabay-159358-scaled-1-2048x1366.webp 2048w, https:\/\/webchodoanhnghiep.tamkhoa.com\/xay-dung-01\/wp-content\/uploads\/sites\/5\/2024\/09\/pexels-pixabay-159358-scaled-1-1200x800.webp 1200w\" sizes=\"(max-width: 2560px) 100vw, 2560px\" \/>\t\t\t<\/div>\n\t\t<\/div>\n\t\t\t\t\t<div class=\"bdt-ep-featured-box-content bdt-position-center-right\">\n\t\t\t\t\t\t\n\t\t\t\t\t<h3 class=\"bdt-ep-featured-box-title\">\n\t\t\t\t<span >\n\t\t\t\t\tX\u00e2y d\u1ef1ng v\u00e0 thi c\u00f4ng\t\t\t\t<\/span>\n\t\t\t<\/h3>\n\t\t\n\t\t\t\t\t<div class=\"bdt-ep-featured-box-text\">\n\t\t\t\tCh\u00fang t\u00f4i chuy\u00ean thi c\u00f4ng c\u00e1c c\u00f4ng tr\u00ecnh d\u00e2n d\u1ee5ng, th\u01b0\u01a1ng m\u1ea1i, v\u00e0 c\u00f4ng nghi\u1ec7p v\u1edbi cam k\u1ebft \u0111\u1ea3m b\u1ea3o ch\u1ea5t l\u01b0\u1ee3ng, ti\u1ebfn \u0111\u1ed9, v\u00e0 an to\u00e0n trong t\u1eebng giai \u0111o\u1ea1n.\t\t\t<\/div>\n\t\t\n\t\t\t\t\t\t\t<\/div>\n\t\t<\/div>\n\t\t\t\t\t\t<\/div>\n\t\t\t\t<\/div>\n\t\t\t\t<div class=\"elementor-element elementor-element-23051fe elementor-widget elementor-widget-bdt-featured-box\" data-id=\"23051fe\" data-element_type=\"widget\" data-e-type=\"widget\" data-widget_type=\"bdt-featured-box.default\">\n\t\t\t\t<div class=\"elementor-widget-container\">\n\t\t\t\t\t\t\t<div class=\"bdt-ep-featured-box bdt-ep-featured-box-default\">\n\t\t\t\t\t<div class=\"bdt-ep-featured-box-image\">\n\t\t\t<div class=\"bdt-position-relative\">\n\t\t\t\t<img decoding=\"async\" width=\"2560\" height=\"1920\" src=\"https:\/\/webchodoanhnghiep.tamkhoa.com\/xay-dung-01\/wp-content\/uploads\/sites\/5\/2024\/09\/pexels-sevenstormphotography-439416-scaled-1.webp\" class=\"attachment-full size-full\" alt=\"Gi\u00e1m s\u00e1t c\u00f4ng tr\u00ecnh\" srcset=\"https:\/\/webchodoanhnghiep.tamkhoa.com\/xay-dung-01\/wp-content\/uploads\/sites\/5\/2024\/09\/pexels-sevenstormphotography-439416-scaled-1.webp 2560w, https:\/\/webchodoanhnghiep.tamkhoa.com\/xay-dung-01\/wp-content\/uploads\/sites\/5\/2024\/09\/pexels-sevenstormphotography-439416-scaled-1-300x225.webp 300w, https:\/\/webchodoanhnghiep.tamkhoa.com\/xay-dung-01\/wp-content\/uploads\/sites\/5\/2024\/09\/pexels-sevenstormphotography-439416-scaled-1-1024x768.webp 1024w, https:\/\/webchodoanhnghiep.tamkhoa.com\/xay-dung-01\/wp-content\/uploads\/sites\/5\/2024\/09\/pexels-sevenstormphotography-439416-scaled-1-768x576.webp 768w, https:\/\/webchodoanhnghiep.tamkhoa.com\/xay-dung-01\/wp-content\/uploads\/sites\/5\/2024\/09\/pexels-sevenstormphotography-439416-scaled-1-1536x1152.webp 1536w, https:\/\/webchodoanhnghiep.tamkhoa.com\/xay-dung-01\/wp-content\/uploads\/sites\/5\/2024\/09\/pexels-sevenstormphotography-439416-scaled-1-2048x1536.webp 2048w\" sizes=\"(max-width: 2560px) 100vw, 2560px\" \/>\t\t\t<\/div>\n\t\t<\/div>\n\t\t\t\t\t<div class=\"bdt-ep-featured-box-content bdt-position-center-left\">\n\t\t\t\t\t\t\n\t\t\t\t\t<h3 class=\"bdt-ep-featured-box-title\">\n\t\t\t\t<span >\n\t\t\t\t\tGi\u00e1m s\u00e1t c\u00f4ng tr\u00ecnh\t\t\t\t<\/span>\n\t\t\t<\/h3>\n\t\t\n\t\t\t\t\t<div class=\"bdt-ep-featured-box-text\">\n\t\t\t\t\u0110\u1ed9i ng\u0169 k\u1ef9 s\u01b0 c\u1ee7a Connstriction lu\u00f4n theo s\u00e1t ti\u1ebfn \u0111\u1ed9 thi c\u00f4ng, \u0111\u1ea3m b\u1ea3o c\u00f4ng tr\u00ecnh \u0111\u01b0\u1ee3c th\u1ef1c hi\u1ec7n theo \u0111\u00fang k\u1ebf ho\u1ea1ch v\u00e0 ti\u00eau chu\u1ea9n k\u1ef9 thu\u1eadt.\t\t\t<\/div>\n\t\t\n\t\t\t\t\t\t\t<\/div>\n\t\t<\/div>\n\t\t\t\t\t\t<\/div>\n\t\t\t\t<\/div>\n\t\t\t\t<div class=\"elementor-element elementor-element-e5a231e elementor-widget elementor-widget-bdt-featured-box\" data-id=\"e5a231e\" data-element_type=\"widget\" data-e-type=\"widget\" data-widget_type=\"bdt-featured-box.default\">\n\t\t\t\t<div class=\"elementor-widget-container\">\n\t\t\t\t\t\t\t<div class=\"bdt-ep-featured-box bdt-ep-featured-box-default\">\n\t\t\t\t\t<div class=\"bdt-ep-featured-box-image\">\n\t\t\t<div class=\"bdt-position-relative\">\n\t\t\t\t<img loading=\"lazy\" decoding=\"async\" width=\"2560\" height=\"1921\" src=\"https:\/\/webchodoanhnghiep.tamkhoa.com\/xay-dung-01\/wp-content\/uploads\/sites\/5\/2024\/09\/pexels-pixabay-221540-scaled-1.webp\" class=\"attachment-full size-full\" alt=\"C\u1ea3i t\u1ea1o v\u00e0 n\u00e2ng c\u1ea5p c\u00f4ng tr\u00ecnh\" srcset=\"https:\/\/webchodoanhnghiep.tamkhoa.com\/xay-dung-01\/wp-content\/uploads\/sites\/5\/2024\/09\/pexels-pixabay-221540-scaled-1.webp 2560w, https:\/\/webchodoanhnghiep.tamkhoa.com\/xay-dung-01\/wp-content\/uploads\/sites\/5\/2024\/09\/pexels-pixabay-221540-scaled-1-300x225.webp 300w, https:\/\/webchodoanhnghiep.tamkhoa.com\/xay-dung-01\/wp-content\/uploads\/sites\/5\/2024\/09\/pexels-pixabay-221540-scaled-1-1024x768.webp 1024w, https:\/\/webchodoanhnghiep.tamkhoa.com\/xay-dung-01\/wp-content\/uploads\/sites\/5\/2024\/09\/pexels-pixabay-221540-scaled-1-768x576.webp 768w, https:\/\/webchodoanhnghiep.tamkhoa.com\/xay-dung-01\/wp-content\/uploads\/sites\/5\/2024\/09\/pexels-pixabay-221540-scaled-1-1536x1153.webp 1536w, https:\/\/webchodoanhnghiep.tamkhoa.com\/xay-dung-01\/wp-content\/uploads\/sites\/5\/2024\/09\/pexels-pixabay-221540-scaled-1-2048x1537.webp 2048w\" sizes=\"(max-width: 2560px) 100vw, 2560px\" \/>\t\t\t<\/div>\n\t\t<\/div>\n\t\t\t\t\t<div class=\"bdt-ep-featured-box-content bdt-position-top-right\">\n\t\t\t\t\t\t\n\t\t\t\t\t<h3 class=\"bdt-ep-featured-box-title\">\n\t\t\t\t<span >\n\t\t\t\t\tC\u1ea3i t\u1ea1o v\u00e0 n\u00e2ng c\u1ea5p c\u00f4ng tr\u00ecnh\t\t\t\t<\/span>\n\t\t\t<\/h3>\n\t\t\n\t\t\t\t\t<div class=\"bdt-ep-featured-box-text\">\n\t\t\t\tCh\u00fang t\u00f4i cung c\u1ea5p gi\u1ea3i ph\u00e1p c\u1ea3i t\u1ea1o v\u00e0 n\u00e2ng c\u1ea5p cho c\u00e1c c\u00f4ng tr\u00ecnh c\u0169, gi\u00fap t\u1ed1i \u01b0u h\u00f3a c\u00f4ng n\u0103ng, t\u0103ng gi\u00e1 tr\u1ecb v\u00e0 k\u00e9o d\u00e0i tu\u1ed5i th\u1ecd s\u1eed d\u1ee5ng.\t\t\t<\/div>\n\t\t\n\t\t\t\t\t\t\t<\/div>\n\t\t<\/div>\n\t\t\t\t\t\t<\/div>\n\t\t\t\t<\/div>\n\t\t\t\t<\/div>\n\t\t<div class=\"elementor-element elementor-element-93f7428 e-flex e-con-boxed wpr-particle-no wpr-jarallax-no wpr-parallax-no wpr-sticky-section-no wpr-column-slider-no wpr-equal-height-no e-con e-parent\" data-id=\"93f7428\" data-element_type=\"container\" data-e-type=\"container\">\n\t\t\t\t\t<div class=\"e-con-inner\">\n\t\t\t\t<div class=\"elementor-element elementor-element-c59d71d elementor-widget elementor-widget-spacer\" data-id=\"c59d71d\" data-element_type=\"widget\" data-e-type=\"widget\" data-widget_type=\"spacer.default\">\n\t\t\t\t<div class=\"elementor-widget-container\">\n\t\t\t\t\t\t\t<div class=\"elementor-spacer\">\n\t\t\t<div class=\"elementor-spacer-inner\"><\/div>\n\t\t<\/div>\n\t\t\t\t\t\t<\/div>\n\t\t\t\t<\/div>\n\t\t\t\t\t<\/div>\n\t\t\t\t<\/div>\n\t\t<div class=\"elementor-element elementor-element-6589576 e-con-full e-flex wpr-particle-no wpr-jarallax-no wpr-parallax-no wpr-sticky-section-no wpr-column-slider-no wpr-equal-height-no e-con e-parent\" data-id=\"6589576\" data-element_type=\"container\" data-e-type=\"container\" data-settings=\"{&quot;background_background&quot;:&quot;classic&quot;}\">\n\t\t<div class=\"elementor-element elementor-element-b100479 e-con-full e-flex wpr-particle-no wpr-jarallax-no wpr-parallax-no wpr-sticky-section-no wpr-column-slider-no wpr-equal-height-no e-con e-child\" data-id=\"b100479\" data-element_type=\"container\" data-e-type=\"container\">\n\t\t\t\t<div class=\"elementor-element elementor-element-ebe0132 elementor-widget elementor-widget-heading\" data-id=\"ebe0132\" data-element_type=\"widget\" data-e-type=\"widget\" data-widget_type=\"heading.default\">\n\t\t\t\t<div class=\"elementor-widget-container\">\n\t\t\t\t\t<h4 class=\"elementor-heading-title elementor-size-default\">V\u1edbi Connstriction, m\u1ed7i c\u00f4ng tr\u00ecnh kh\u00f4ng ch\u1ec9 l\u00e0 s\u1ea3n ph\u1ea9m x\u00e2y d\u1ef1ng, m\u00e0 c\u00f2n l\u00e0 s\u1ef1 k\u1ebft h\u1ee3p c\u1ee7a t\u00e2m huy\u1ebft v\u00e0 s\u1ef1 ch\u00ednh x\u00e1c trong t\u1eebng chi ti\u1ebft.<\/h4>\t\t\t\t<\/div>\n\t\t\t\t<\/div>\n\t\t\t\t<\/div>\n\t\t\t\t<\/div>\n\t\t\t\t<\/div>\n\t\t","protected":false},"excerpt":{"rendered":"<p>D\u1ecbch v\u1ee5 T\u1ea1i Connstriction, ch\u00fang t\u00f4i cung c\u1ea5p m\u1ed9t lo\u1ea1t c\u00e1c d\u1ecbch v\u1ee5 x\u00e2y d\u1ef1ng to\u00e0n di\u1ec7n, \u0111\u00e1p \u1ee9ng m\u1ecdi nhu c\u1ea7u t\u1eeb d\u1ef1 \u00e1n nh\u1ecf \u0111\u1ebfn c\u00e1c c\u00f4ng tr\u00ecnh quy m\u00f4 l\u1edbn. V\u1edbi s\u1ef1 t\u1eadn t\u00e2m v\u00e0 chuy\u00ean m\u00f4n cao, ch\u00fang t\u00f4i cam k\u1ebft mang \u0111\u1ebfn c\u00e1c gi\u1ea3i ph\u00e1p x\u00e2y d\u1ef1ng ch\u1ea5t l\u01b0\u1ee3ng, b\u1ec1n v\u1eefng v\u00e0 s\u00e1ng t\u1ea1o \u00a0 D\u01b0\u1edbi \u0111\u00e2y l\u00e0 c\u00e1c d\u1ecbch v\u1ee5 ch\u1ee7 l\u1ef1c c\u1ee7a ch\u00fang t\u00f4i T\u01b0 v\u1ea5n v\u00e0 thi\u1ebft k\u1ebf ki\u1ebfn tr\u00fac \u0110\u1ed9i ng\u0169 ki\u1ebfn tr\u00fac s\u01b0 gi\u00e0u kinh nghi\u1ec7m c\u1ee7a ch\u00fang t\u00f4i s\u1ebd gi\u00fap b\u1ea1n hi\u1ec7n th\u1ef1c h\u00f3a \u00fd t\u01b0\u1edfng b\u1eb1ng c\u00e1c thi\u1ebft k\u1ebf \u0111\u1ed9c \u0111\u00e1o, t\u1ed1i \u01b0u h\u00f3a kh\u00f4ng gian, \u0111\u00e1p \u1ee9ng c\u1ea3 y\u1ebfu t\u1ed1 th\u1ea9m m\u1ef9 v\u00e0 c\u00f4ng n\u0103ng s\u1eed d\u1ee5ng. X\u00e2y d\u1ef1ng v\u00e0 thi c\u00f4ng Ch\u00fang t\u00f4i chuy\u00ean thi c\u00f4ng c\u00e1c c\u00f4ng tr\u00ecnh d\u00e2n d\u1ee5ng, th\u01b0\u01a1ng m\u1ea1i, v\u00e0 c\u00f4ng nghi\u1ec7p v\u1edbi cam k\u1ebft \u0111\u1ea3m b\u1ea3o ch\u1ea5t l\u01b0\u1ee3ng, ti\u1ebfn \u0111\u1ed9, v\u00e0 an to\u00e0n trong t\u1eebng giai \u0111o\u1ea1n. Gi\u00e1m s\u00e1t c\u00f4ng tr\u00ecnh \u0110\u1ed9i ng\u0169 k\u1ef9 s\u01b0 c\u1ee7a Connstriction lu\u00f4n theo s\u00e1t ti\u1ebfn \u0111\u1ed9 thi c\u00f4ng, \u0111\u1ea3m b\u1ea3o c\u00f4ng tr\u00ecnh \u0111\u01b0\u1ee3c th\u1ef1c hi\u1ec7n theo \u0111\u00fang k\u1ebf ho\u1ea1ch v\u00e0 ti\u00eau chu\u1ea9n k\u1ef9 thu\u1eadt. C\u1ea3i t\u1ea1o v\u00e0 n\u00e2ng c\u1ea5p c\u00f4ng tr\u00ecnh Ch\u00fang t\u00f4i cung c\u1ea5p gi\u1ea3i ph\u00e1p c\u1ea3i t\u1ea1o v\u00e0 n\u00e2ng c\u1ea5p cho c\u00e1c c\u00f4ng tr\u00ecnh c\u0169, gi\u00fap t\u1ed1i \u01b0u h\u00f3a c\u00f4ng n\u0103ng, t\u0103ng gi\u00e1 tr\u1ecb v\u00e0 k\u00e9o d\u00e0i tu\u1ed5i th\u1ecd s\u1eed d\u1ee5ng. V\u1edbi Connstriction, m\u1ed7i c\u00f4ng tr\u00ecnh kh\u00f4ng ch\u1ec9 l\u00e0 s\u1ea3n ph\u1ea9m x\u00e2y d\u1ef1ng, m\u00e0 c\u00f2n l\u00e0 s\u1ef1 k\u1ebft h\u1ee3p c\u1ee7a t\u00e2m huy\u1ebft v\u00e0 s\u1ef1 ch\u00ednh x\u00e1c trong t\u1eebng chi ti\u1ebft.<\/p>\n","protected":false},"author":1,"featured_media":0,"parent":0,"menu_order":0,"comment_status":"closed","ping_status":"closed","template":"","meta":{"footnotes":""},"class_list":["post-12","page","type-page","status-publish","hentry"],"_links":{"self":[{"href":"https:\/\/webchodoanhnghiep.tamkhoa.com\/xay-dung-01\/wp-json\/wp\/v2\/pages\/12"}],"collection":[{"href":"https:\/\/webchodoanhnghiep.tamkhoa.com\/xay-dung-01\/wp-json\/wp\/v2\/pages"}],"about":[{"href":"https:\/\/webchodoanhnghiep.tamkhoa.com\/xay-dung-01\/wp-json\/wp\/v2\/types\/page"}],"author":[{"embeddable":true,"href":"https:\/\/webchodoanhnghiep.tamkhoa.com\/xay-dung-01\/wp-json\/wp\/v2\/users\/1"}],"replies":[{"embeddable":true,"href":"https:\/\/webchodoanhnghiep.tamkhoa.com\/xay-dung-01\/wp-json\/wp\/v2\/comments?post=12"}],"version-history":[{"count":9,"href":"https:\/\/webchodoanhnghiep.tamkhoa.com\/xay-dung-01\/wp-json\/wp\/v2\/pages\/12\/revisions"}],"predecessor-version":[{"id":440,"href":"https:\/\/webchodoanhnghiep.tamkhoa.com\/xay-dung-01\/wp-json\/wp\/v2\/pages\/12\/revisions\/440"}],"wp:attachment":[{"href":"https:\/\/webchodoanhnghiep.tamkhoa.com\/xay-dung-01\/wp-json\/wp\/v2\/media?parent=12"}],"curies":[{"name":"wp","href":"https:\/\/api.w.org\/{rel}","templated":true}]}}