{"id":141,"date":"2024-09-10T08:24:11","date_gmt":"2024-09-10T08:24:11","guid":{"rendered":"https:\/\/dulich.tamkhoa.com\/xay-dung-01\/?page_id=141"},"modified":"2024-09-10T08:24:11","modified_gmt":"2024-09-10T08:24:11","slug":"chinh-sach-bao-mat","status":"publish","type":"page","link":"https:\/\/webchodoanhnghiep.tamkhoa.com\/xay-dung-01\/chinh-sach-bao-mat\/","title":{"rendered":"Ch\u00ednh s\u00e1ch b\u1ea3o m\u1eadt"},"content":{"rendered":"\t\t<div data-elementor-type=\"wp-page\" data-elementor-id=\"141\" class=\"elementor elementor-141\">\n\t\t\t\t<div class=\"elementor-element elementor-element-23a7001 e-flex e-con-boxed wpr-particle-no wpr-jarallax-no wpr-parallax-no wpr-sticky-section-no wpr-column-slider-no wpr-equal-height-no e-con e-parent\" data-id=\"23a7001\" data-element_type=\"container\" data-e-type=\"container\">\n\t\t\t\t\t<div class=\"e-con-inner\">\n\t\t\t\t<div class=\"elementor-element elementor-element-b0067a4 elementor-widget elementor-widget-page-title\" data-id=\"b0067a4\" data-element_type=\"widget\" data-e-type=\"widget\" data-settings=\"{&quot;align&quot;:&quot;center&quot;}\" data-widget_type=\"page-title.default\">\n\t\t\t\t<div class=\"elementor-widget-container\">\n\t\t\t\t\t\t\t\n\t\t<div class=\"hfe-page-title hfe-page-title-wrapper elementor-widget-heading\">\n\n\t\t\t\t\t\t\t\t<h2 class=\"elementor-heading-title elementor-size-default\">\n\t\t\t\t\t\t\t\t\n\t\t\t\tCh\u00ednh s\u00e1ch b\u1ea3o m\u1eadt  \n\t\t\t<\/h2 > \n\t\t\t\t\t<\/div>\n\t\t\t\t\t\t<\/div>\n\t\t\t\t<\/div>\n\t\t\t\t\t<\/div>\n\t\t\t\t<\/div>\n\t\t<div class=\"elementor-element elementor-element-3d40799 e-flex e-con-boxed wpr-particle-no wpr-jarallax-no wpr-parallax-no wpr-sticky-section-no wpr-column-slider-no wpr-equal-height-no e-con e-parent\" data-id=\"3d40799\" data-element_type=\"container\" data-e-type=\"container\">\n\t\t\t\t\t<div class=\"e-con-inner\">\n\t\t\t\t<div class=\"elementor-element elementor-element-e72e783 elementor-widget elementor-widget-text-editor\" data-id=\"e72e783\" data-element_type=\"widget\" data-e-type=\"widget\" data-widget_type=\"text-editor.default\">\n\t\t\t\t<div class=\"elementor-widget-container\">\n\t\t\t\t\t\t\t\t\t<p><strong>Connstriction<\/strong> cam k\u1ebft b\u1ea3o v\u1ec7 quy\u1ec1n ri\u00eang t\u01b0 v\u00e0 b\u1ea3o m\u1eadt th\u00f4ng tin c\u00e1 nh\u00e2n c\u1ee7a kh\u00e1ch h\u00e0ng. Ch\u00ednh s\u00e1ch b\u1ea3o m\u1eadt n\u00e0y gi\u1ea3i th\u00edch c\u00e1ch ch\u00fang t\u00f4i thu th\u1eadp, s\u1eed d\u1ee5ng v\u00e0 b\u1ea3o v\u1ec7 d\u1eef li\u1ec7u c\u00e1 nh\u00e2n khi b\u1ea1n s\u1eed d\u1ee5ng d\u1ecbch v\u1ee5 v\u00e0 truy c\u1eadp website c\u1ee7a ch\u00fang t\u00f4i.<\/p><h4>1. <strong>Thu th\u1eadp th\u00f4ng tin c\u00e1 nh\u00e2n<\/strong><\/h4><p>Ch\u00fang t\u00f4i c\u00f3 th\u1ec3 thu th\u1eadp c\u00e1c th\u00f4ng tin c\u00e1 nh\u00e2n t\u1eeb b\u1ea1n, bao g\u1ed3m nh\u01b0ng kh\u00f4ng gi\u1edbi h\u1ea1n \u1edf:<\/p><ul><li>H\u1ecd t\u00ean<\/li><li>\u0110\u1ecba ch\u1ec9 email, s\u1ed1 \u0111i\u1ec7n tho\u1ea1i<\/li><li>\u0110\u1ecba ch\u1ec9 li\u00ean h\u1ec7<\/li><li>Th\u00f4ng tin li\u00ean quan \u0111\u1ebfn d\u1ef1 \u00e1n ho\u1eb7c y\u00eau c\u1ea7u d\u1ecbch v\u1ee5<\/li><\/ul><h4>2. <strong>M\u1ee5c \u0111\u00edch s\u1eed d\u1ee5ng th\u00f4ng tin<\/strong><\/h4><p>Th\u00f4ng tin c\u00e1 nh\u00e2n \u0111\u01b0\u1ee3c thu th\u1eadp \u0111\u1ec3:<\/p><ul><li>Cung c\u1ea5p d\u1ecbch v\u1ee5 v\u00e0 h\u1ed7 tr\u1ee3 kh\u00e1ch h\u00e0ng<\/li><li>C\u1ea3i thi\u1ec7n tr\u1ea3i nghi\u1ec7m ng\u01b0\u1eddi d\u00f9ng tr\u00ean website<\/li><li>Li\u00ean h\u1ec7 \u0111\u1ec3 cung c\u1ea5p th\u00f4ng tin v\u1ec1 s\u1ea3n ph\u1ea9m, d\u1ecbch v\u1ee5, ch\u01b0\u01a1ng tr\u00ecnh khuy\u1ebfn m\u00e3i<\/li><li>\u0110\u1ea3m b\u1ea3o an ninh v\u00e0 ng\u0103n ch\u1eb7n c\u00e1c h\u00e0nh vi gian l\u1eadn<\/li><\/ul><h4>3. <strong>B\u1ea3o m\u1eadt th\u00f4ng tin<\/strong><\/h4><p>Ch\u00fang t\u00f4i s\u1eed d\u1ee5ng c\u00e1c bi\u1ec7n ph\u00e1p b\u1ea3o m\u1eadt ti\u00ean ti\u1ebfn \u0111\u1ec3 b\u1ea3o v\u1ec7 th\u00f4ng tin c\u00e1 nh\u00e2n c\u1ee7a b\u1ea1n kh\u1ecfi truy c\u1eadp tr\u00e1i ph\u00e9p, ti\u1ebft l\u1ed9 ho\u1eb7c s\u1eeda \u0111\u1ed5i. Ch\u1ec9 nh\u1eefng nh\u00e2n vi\u00ean c\u00f3 th\u1ea9m quy\u1ec1n m\u1edbi \u0111\u01b0\u1ee3c ph\u00e9p truy c\u1eadp th\u00f4ng tin n\u00e0y.<\/p><h4>4. <strong>Chia s\u1ebb th\u00f4ng tin<\/strong><\/h4><p><strong>Connstriction<\/strong> kh\u00f4ng chia s\u1ebb th\u00f4ng tin c\u00e1 nh\u00e2n c\u1ee7a b\u1ea1n v\u1edbi b\u00ean th\u1ee9 ba, tr\u1eeb khi \u0111\u01b0\u1ee3c s\u1ef1 \u0111\u1ed3ng \u00fd c\u1ee7a b\u1ea1n ho\u1eb7c theo y\u00eau c\u1ea7u c\u1ee7a ph\u00e1p lu\u1eadt.<\/p><h4>5. <strong>Quy\u1ec1n c\u1ee7a kh\u00e1ch h\u00e0ng<\/strong><\/h4><p>B\u1ea1n c\u00f3 quy\u1ec1n y\u00eau c\u1ea7u ch\u1ec9nh s\u1eeda, c\u1eadp nh\u1eadt ho\u1eb7c xo\u00e1 th\u00f4ng tin c\u00e1 nh\u00e2n c\u1ee7a m\u00ecnh b\u1ea5t k\u1ef3 l\u00fac n\u00e0o b\u1eb1ng c\u00e1ch li\u00ean h\u1ec7 v\u1edbi ch\u00fang t\u00f4i qua c\u00e1c k\u00eanh li\u00ean l\u1ea1c \u0111\u01b0\u1ee3c cung c\u1ea5p.<\/p><h4>6. <strong>Thay \u0111\u1ed5i ch\u00ednh s\u00e1ch<\/strong><\/h4><p>Ch\u00fang t\u00f4i c\u00f3 quy\u1ec1n thay \u0111\u1ed5i Ch\u00ednh s\u00e1ch B\u1ea3o m\u1eadt n\u00e0y b\u1ea5t k\u1ef3 l\u00fac n\u00e0o. M\u1ecdi thay \u0111\u1ed5i s\u1ebd \u0111\u01b0\u1ee3c c\u1eadp nh\u1eadt tr\u00ean website v\u00e0 th\u00f4ng b\u00e1o \u0111\u1ebfn b\u1ea1n n\u1ebfu c\u1ea7n thi\u1ebft.<\/p><p>N\u1ebfu b\u1ea1n c\u00f3 b\u1ea5t k\u1ef3 th\u1eafc m\u1eafc n\u00e0o v\u1ec1 Ch\u00ednh s\u00e1ch B\u1ea3o m\u1eadt c\u1ee7a ch\u00fang t\u00f4i, vui l\u00f2ng li\u00ean h\u1ec7 qua email ho\u1eb7c s\u1ed1 \u0111i\u1ec7n tho\u1ea1i h\u1ed7 tr\u1ee3 c\u1ee7a <strong>Connstriction<\/strong>.<\/p><div id=\"eJOY__extension_root\" class=\"eJOY__extension_root_class\" style=\"all: unset;\">\u00a0<\/div>\t\t\t\t\t\t\t\t<\/div>\n\t\t\t\t<\/div>\n\t\t\t\t\t<\/div>\n\t\t\t\t<\/div>\n\t\t\t\t<\/div>\n\t\t","protected":false},"excerpt":{"rendered":"<p>Ch\u00ednh s\u00e1ch b\u1ea3o m\u1eadt Connstriction cam k\u1ebft b\u1ea3o v\u1ec7 quy\u1ec1n ri\u00eang t\u01b0 v\u00e0 b\u1ea3o m\u1eadt th\u00f4ng tin c\u00e1 nh\u00e2n c\u1ee7a kh\u00e1ch h\u00e0ng. Ch\u00ednh s\u00e1ch b\u1ea3o m\u1eadt n\u00e0y gi\u1ea3i th\u00edch c\u00e1ch ch\u00fang t\u00f4i thu th\u1eadp, s\u1eed d\u1ee5ng v\u00e0 b\u1ea3o v\u1ec7 d\u1eef li\u1ec7u c\u00e1 nh\u00e2n khi b\u1ea1n s\u1eed d\u1ee5ng d\u1ecbch v\u1ee5 v\u00e0 truy c\u1eadp website c\u1ee7a ch\u00fang t\u00f4i. 1. Thu th\u1eadp th\u00f4ng tin c\u00e1 nh\u00e2n Ch\u00fang t\u00f4i c\u00f3 th\u1ec3 thu th\u1eadp c\u00e1c th\u00f4ng tin c\u00e1 nh\u00e2n t\u1eeb b\u1ea1n, bao g\u1ed3m nh\u01b0ng kh\u00f4ng gi\u1edbi h\u1ea1n \u1edf: H\u1ecd t\u00ean \u0110\u1ecba ch\u1ec9 email, s\u1ed1 \u0111i\u1ec7n tho\u1ea1i \u0110\u1ecba ch\u1ec9 li\u00ean h\u1ec7 Th\u00f4ng tin li\u00ean quan \u0111\u1ebfn d\u1ef1 \u00e1n ho\u1eb7c y\u00eau c\u1ea7u d\u1ecbch v\u1ee5 2. M\u1ee5c \u0111\u00edch s\u1eed d\u1ee5ng th\u00f4ng tin Th\u00f4ng tin c\u00e1 nh\u00e2n \u0111\u01b0\u1ee3c thu th\u1eadp \u0111\u1ec3: Cung c\u1ea5p d\u1ecbch v\u1ee5 v\u00e0 h\u1ed7 tr\u1ee3 kh\u00e1ch h\u00e0ng C\u1ea3i thi\u1ec7n tr\u1ea3i nghi\u1ec7m ng\u01b0\u1eddi d\u00f9ng tr\u00ean website Li\u00ean h\u1ec7 \u0111\u1ec3 cung c\u1ea5p th\u00f4ng tin v\u1ec1 s\u1ea3n ph\u1ea9m, d\u1ecbch v\u1ee5, ch\u01b0\u01a1ng tr\u00ecnh khuy\u1ebfn m\u00e3i \u0110\u1ea3m b\u1ea3o an ninh v\u00e0 ng\u0103n ch\u1eb7n c\u00e1c h\u00e0nh vi gian l\u1eadn 3. B\u1ea3o m\u1eadt th\u00f4ng tin Ch\u00fang t\u00f4i s\u1eed d\u1ee5ng c\u00e1c bi\u1ec7n ph\u00e1p b\u1ea3o m\u1eadt ti\u00ean ti\u1ebfn \u0111\u1ec3 b\u1ea3o v\u1ec7 th\u00f4ng tin c\u00e1 nh\u00e2n c\u1ee7a b\u1ea1n kh\u1ecfi truy c\u1eadp tr\u00e1i ph\u00e9p, ti\u1ebft l\u1ed9 ho\u1eb7c s\u1eeda \u0111\u1ed5i. Ch\u1ec9 nh\u1eefng nh\u00e2n vi\u00ean c\u00f3 th\u1ea9m quy\u1ec1n m\u1edbi \u0111\u01b0\u1ee3c ph\u00e9p truy c\u1eadp th\u00f4ng tin n\u00e0y. 4. Chia s\u1ebb th\u00f4ng tin Connstriction kh\u00f4ng chia s\u1ebb th\u00f4ng tin c\u00e1 nh\u00e2n c\u1ee7a b\u1ea1n v\u1edbi b\u00ean th\u1ee9 ba, tr\u1eeb khi \u0111\u01b0\u1ee3c s\u1ef1 \u0111\u1ed3ng \u00fd c\u1ee7a b\u1ea1n ho\u1eb7c theo y\u00eau c\u1ea7u c\u1ee7a ph\u00e1p lu\u1eadt. 5. Quy\u1ec1n c\u1ee7a kh\u00e1ch h\u00e0ng B\u1ea1n c\u00f3 quy\u1ec1n y\u00eau c\u1ea7u ch\u1ec9nh s\u1eeda, c\u1eadp nh\u1eadt ho\u1eb7c xo\u00e1 th\u00f4ng tin c\u00e1 nh\u00e2n c\u1ee7a m\u00ecnh b\u1ea5t k\u1ef3 l\u00fac n\u00e0o b\u1eb1ng c\u00e1ch li\u00ean h\u1ec7 v\u1edbi ch\u00fang t\u00f4i qua c\u00e1c k\u00eanh li\u00ean l\u1ea1c \u0111\u01b0\u1ee3c cung c\u1ea5p. 6. Thay \u0111\u1ed5i ch\u00ednh s\u00e1ch Ch\u00fang t\u00f4i c\u00f3 quy\u1ec1n thay \u0111\u1ed5i Ch\u00ednh s\u00e1ch B\u1ea3o m\u1eadt n\u00e0y b\u1ea5t k\u1ef3 l\u00fac n\u00e0o. M\u1ecdi thay \u0111\u1ed5i s\u1ebd \u0111\u01b0\u1ee3c c\u1eadp nh\u1eadt tr\u00ean website v\u00e0 th\u00f4ng b\u00e1o \u0111\u1ebfn b\u1ea1n n\u1ebfu c\u1ea7n thi\u1ebft. N\u1ebfu b\u1ea1n c\u00f3 b\u1ea5t k\u1ef3 th\u1eafc m\u1eafc n\u00e0o v\u1ec1 Ch\u00ednh s\u00e1ch B\u1ea3o m\u1eadt c\u1ee7a ch\u00fang t\u00f4i, vui l\u00f2ng li\u00ean h\u1ec7 qua email ho\u1eb7c s\u1ed1 \u0111i\u1ec7n tho\u1ea1i h\u1ed7 tr\u1ee3 c\u1ee7a Connstriction. \u00a0<\/p>\n","protected":false},"author":1,"featured_media":0,"parent":0,"menu_order":0,"comment_status":"closed","ping_status":"closed","template":"","meta":{"footnotes":""},"class_list":["post-141","page","type-page","status-publish","hentry"],"_links":{"self":[{"href":"https:\/\/webchodoanhnghiep.tamkhoa.com\/xay-dung-01\/wp-json\/wp\/v2\/pages\/141"}],"collection":[{"href":"https:\/\/webchodoanhnghiep.tamkhoa.com\/xay-dung-01\/wp-json\/wp\/v2\/pages"}],"about":[{"href":"https:\/\/webchodoanhnghiep.tamkhoa.com\/xay-dung-01\/wp-json\/wp\/v2\/types\/page"}],"author":[{"embeddable":true,"href":"https:\/\/webchodoanhnghiep.tamkhoa.com\/xay-dung-01\/wp-json\/wp\/v2\/users\/1"}],"replies":[{"embeddable":true,"href":"https:\/\/webchodoanhnghiep.tamkhoa.com\/xay-dung-01\/wp-json\/wp\/v2\/comments?post=141"}],"version-history":[{"count":0,"href":"https:\/\/webchodoanhnghiep.tamkhoa.com\/xay-dung-01\/wp-json\/wp\/v2\/pages\/141\/revisions"}],"wp:attachment":[{"href":"https:\/\/webchodoanhnghiep.tamkhoa.com\/xay-dung-01\/wp-json\/wp\/v2\/media?parent=141"}],"curies":[{"name":"wp","href":"https:\/\/api.w.org\/{rel}","templated":true}]}}